{"id":4902,"date":"2020-12-01T00:28:05","date_gmt":"2020-12-01T00:28:05","guid":{"rendered":"http:\/\/alfaquarium.mx\/?page_id=4902"},"modified":"2020-12-01T00:29:29","modified_gmt":"2020-12-01T00:29:29","slug":"sabellastarte-sanctijosephi","status":"publish","type":"page","link":"https:\/\/proyectos.pgiovas.com\/alfaquarium\/sabellastarte-sanctijosephi","title":{"rendered":"Sabellastarte Sanctijosephi"},"content":{"rendered":"\t\t<div data-elementor-type=\"wp-page\" data-elementor-id=\"4902\" class=\"elementor elementor-4902\">\n\t\t\t\t\t\t<section class=\"elementor-section elementor-top-section elementor-element elementor-element-79b8e8b elementor-section-full_width elementor-section-height-default elementor-section-height-default\" data-id=\"79b8e8b\" data-element_type=\"section\" data-e-type=\"section\">\n\t\t\t\t\t\t<div class=\"elementor-container elementor-column-gap-default\">\n\t\t\t\t\t<div class=\"elementor-column elementor-col-100 elementor-top-column elementor-element elementor-element-8003a9b\" data-id=\"8003a9b\" data-element_type=\"column\" data-e-type=\"column\">\n\t\t\t<div class=\"elementor-widget-wrap elementor-element-populated\">\n\t\t\t\t\t\t<div class=\"elementor-element elementor-element-a9cc64a elementor-widget elementor-widget-heading\" data-id=\"a9cc64a\" data-element_type=\"widget\" data-e-type=\"widget\" data-widget_type=\"heading.default\">\n\t\t\t\t<div class=\"elementor-widget-container\">\n\t\t\t\t\t<h3 class=\"elementor-heading-title elementor-size-default\">Sabellastarte Sanctijosephi<\/h3>\t\t\t\t<\/div>\n\t\t\t\t<\/div>\n\t\t\t\t<div class=\"elementor-element elementor-element-254ba6f elementor-widget elementor-widget-spacer\" data-id=\"254ba6f\" data-element_type=\"widget\" data-e-type=\"widget\" data-widget_type=\"spacer.default\">\n\t\t\t\t<div class=\"elementor-widget-container\">\n\t\t\t\t\t\t\t<div class=\"elementor-spacer\">\n\t\t\t<div class=\"elementor-spacer-inner\"><\/div>\n\t\t<\/div>\n\t\t\t\t\t\t<\/div>\n\t\t\t\t<\/div>\n\t\t\t\t<div class=\"elementor-element elementor-element-65959d3 elementor-widget-divider--separator-type-pattern elementor-widget-divider--view-line elementor-widget elementor-widget-divider\" data-id=\"65959d3\" data-element_type=\"widget\" data-e-type=\"widget\" data-widget_type=\"divider.default\">\n\t\t\t\t<div class=\"elementor-widget-container\">\n\t\t\t\t\t\t\t<div class=\"elementor-divider\" style=\"--divider-pattern-url: url(&quot;data:image\/svg+xml,%3Csvg xmlns=&#039;http:\/\/www.w3.org\/2000\/svg&#039; preserveAspectRatio=&#039;none&#039; overflow=&#039;visible&#039; height=&#039;100%&#039; viewBox=&#039;0 0 24 24&#039; fill=&#039;none&#039; stroke=&#039;black&#039; stroke-width=&#039;7&#039; stroke-linecap=&#039;square&#039; stroke-miterlimit=&#039;10&#039;%3E%3Cpath d=&#039;M0,6c6,0,6,13,12,13S18,6,24,6&#039;\/%3E%3C\/svg%3E&quot;);\">\n\t\t\t<span class=\"elementor-divider-separator\">\n\t\t\t\t\t\t<\/span>\n\t\t<\/div>\n\t\t\t\t\t\t<\/div>\n\t\t\t\t<\/div>\n\t\t\t\t<div class=\"elementor-element elementor-element-600efcf elementor-widget elementor-widget-text-editor\" data-id=\"600efcf\" data-element_type=\"widget\" data-e-type=\"widget\" data-widget_type=\"text-editor.default\">\n\t\t\t\t<div class=\"elementor-widget-container\">\n\t\t\t\t\t\t\t\t\t<p><img decoding=\"async\" class=\"size-full wp-image-2491 alignleft\" src=\"https:\/\/proyectos.pgiovas.com\/alfaquarium\/wp-content\/uploads\/2020\/08\/Sabellastarte-sanctijosephi.png\" alt=\"\" width=\"205\" height=\"184\" \/><\/p><p><strong>Nombre cient\u00edfico:<\/strong> Sabellastarte sanctijosephi<\/p><p><strong>Nombre com\u00fan en ingl\u00e9s:<\/strong> Giant Feather Duster Worm<\/p><p><strong>Nombre com\u00fan es espa\u00f1ol:<\/strong> Gusano Plumero Gigante<\/p><p><strong>Tama\u00f1o m\u00e1ximo:<\/strong> El tent\u00e1culo corona hasta aproximadamente 4 pulgadas (10 cm) de di\u00e1metro.<\/p><p><strong>Extensi\u00f3n:<\/strong> Indo Pac\u00edfico; especies similares en todos los mares tropicales.<\/p><p><strong>Tama\u00f1o m\u00ednimo de acuario:<\/strong> Tanques peque\u00f1os, 10 galones (38 lts) o m\u00e1s.<\/p><p><strong>Iluminaci\u00f3n:<\/strong> Irrelevante.<\/p><p><strong>Alimento y Alimentaci\u00f3n:<\/strong> Se alimenta de material org\u00e1nico particulado y fitoplancton. Necesita mucho alimento dif\u00edcil de proveer.<\/p><p><strong>Conveniencia y Compatibilidad con el acuario de arrecife:<\/strong> No es una buena elecci\u00f3n para la mayor\u00eda de los acuarios, ya que t\u00edpicamente morir\u00e1 de hambre en un per\u00edodo de entre 6 meses a un a\u00f1o.<\/p><p><strong>Cuidado Cautivo:<\/strong> Como ocurre con otros gusanos plumeros grandes, esta llamativa especie tiene un pobre rendimiento en cautiverio, donde es dif\u00edcil alimentarla. Le ir\u00e1 algo mejor con una buena cama de arena, pero a\u00fan necesita la adici\u00f3n de fitoplancton. Si la comida es insuficiente, se morir\u00e1 de hambre por un tiempo y luego perder\u00e1 la corona del tent\u00e1culo. Si la comida sigue siendo insuficiente, y la corona es arrojada una segunda y tal vez incluso una tercera vez, el animal finalmente muere. Caracterizado por una doble hilera de tent\u00e1culos en la corona. A menudo tiene tent\u00e1culos sin banda, con flecos blancos y tallos oscuros. En la naturaleza, vive enterrado en sedimentos con aproximadamente 0.5 pulgadas (1.3 cm) del tubo que se proyecta sobre la superficie.<\/p><p><strong>Fuentes del art\u00edculo:<\/strong><br \/><strong>Marine Invertebrates; Ronald L. Shimek, Ph.D.<\/strong><br \/><br \/><strong>Colaboraci\u00f3n de:<\/strong><br \/><strong>Luz Alicia Anduaga<\/strong><\/p>\t\t\t\t\t\t\t\t<\/div>\n\t\t\t\t<\/div>\n\t\t\t\t\t<\/div>\n\t\t<\/div>\n\t\t\t\t\t<\/div>\n\t\t<\/section>\n\t\t\t\t<\/div>\n\t\t","protected":false},"excerpt":{"rendered":"<p>Sabellastarte Sanctijosephi Nombre cient\u00edfico: Sabellastarte sanctijosephi Nombre com\u00fan en ingl\u00e9s: Giant Feather Duster Worm Nombre com\u00fan es espa\u00f1ol: Gusano Plumero Gigante Tama\u00f1o m\u00e1ximo: El tent\u00e1culo corona hasta aproximadamente 4 pulgadas (10 cm) de di\u00e1metro. Extensi\u00f3n:&hellip;<\/p>\n","protected":false},"author":4,"featured_media":0,"parent":0,"menu_order":0,"comment_status":"closed","ping_status":"closed","template":"","meta":{"footnotes":""},"class_list":["post-4902","page","type-page","status-publish","hentry"],"_links":{"self":[{"href":"https:\/\/proyectos.pgiovas.com\/alfaquarium\/wp-json\/wp\/v2\/pages\/4902","targetHints":{"allow":["GET"]}}],"collection":[{"href":"https:\/\/proyectos.pgiovas.com\/alfaquarium\/wp-json\/wp\/v2\/pages"}],"about":[{"href":"https:\/\/proyectos.pgiovas.com\/alfaquarium\/wp-json\/wp\/v2\/types\/page"}],"author":[{"embeddable":true,"href":"https:\/\/proyectos.pgiovas.com\/alfaquarium\/wp-json\/wp\/v2\/users\/4"}],"replies":[{"embeddable":true,"href":"https:\/\/proyectos.pgiovas.com\/alfaquarium\/wp-json\/wp\/v2\/comments?post=4902"}],"version-history":[{"count":4,"href":"https:\/\/proyectos.pgiovas.com\/alfaquarium\/wp-json\/wp\/v2\/pages\/4902\/revisions"}],"predecessor-version":[{"id":4906,"href":"https:\/\/proyectos.pgiovas.com\/alfaquarium\/wp-json\/wp\/v2\/pages\/4902\/revisions\/4906"}],"wp:attachment":[{"href":"https:\/\/proyectos.pgiovas.com\/alfaquarium\/wp-json\/wp\/v2\/media?parent=4902"}],"curies":[{"name":"wp","href":"https:\/\/api.w.org\/{rel}","templated":true}]}}