{"id":4647,"date":"2020-10-28T20:09:10","date_gmt":"2020-10-28T20:09:10","guid":{"rendered":"http:\/\/alfaquarium.mx\/?page_id=4647"},"modified":"2020-10-28T22:20:13","modified_gmt":"2020-10-28T22:20:13","slug":"turbinaria-patula","status":"publish","type":"page","link":"https:\/\/proyectos.pgiovas.com\/alfaquarium\/turbinaria-patula","title":{"rendered":"Turbinaria Patula"},"content":{"rendered":"\t\t<div data-elementor-type=\"wp-page\" data-elementor-id=\"4647\" class=\"elementor elementor-4647\">\n\t\t\t\t\t\t<section class=\"elementor-section elementor-top-section elementor-element elementor-element-79b8e8b elementor-section-full_width elementor-section-height-default elementor-section-height-default\" data-id=\"79b8e8b\" data-element_type=\"section\" data-e-type=\"section\">\n\t\t\t\t\t\t<div class=\"elementor-container elementor-column-gap-default\">\n\t\t\t\t\t<div class=\"elementor-column elementor-col-100 elementor-top-column elementor-element elementor-element-8003a9b\" data-id=\"8003a9b\" data-element_type=\"column\" data-e-type=\"column\">\n\t\t\t<div class=\"elementor-widget-wrap elementor-element-populated\">\n\t\t\t\t\t\t<div class=\"elementor-element elementor-element-a9cc64a elementor-widget elementor-widget-heading\" data-id=\"a9cc64a\" data-element_type=\"widget\" data-e-type=\"widget\" data-widget_type=\"heading.default\">\n\t\t\t\t<div class=\"elementor-widget-container\">\n\t\t\t\t\t<h3 class=\"elementor-heading-title elementor-size-default\">Turbinaria Patula<\/h3>\t\t\t\t<\/div>\n\t\t\t\t<\/div>\n\t\t\t\t<div class=\"elementor-element elementor-element-254ba6f elementor-widget elementor-widget-spacer\" data-id=\"254ba6f\" data-element_type=\"widget\" data-e-type=\"widget\" data-widget_type=\"spacer.default\">\n\t\t\t\t<div class=\"elementor-widget-container\">\n\t\t\t\t\t\t\t<div class=\"elementor-spacer\">\n\t\t\t<div class=\"elementor-spacer-inner\"><\/div>\n\t\t<\/div>\n\t\t\t\t\t\t<\/div>\n\t\t\t\t<\/div>\n\t\t\t\t<div class=\"elementor-element elementor-element-65959d3 elementor-widget-divider--separator-type-pattern elementor-widget-divider--view-line elementor-widget elementor-widget-divider\" data-id=\"65959d3\" data-element_type=\"widget\" data-e-type=\"widget\" data-widget_type=\"divider.default\">\n\t\t\t\t<div class=\"elementor-widget-container\">\n\t\t\t\t\t\t\t<div class=\"elementor-divider\" style=\"--divider-pattern-url: url(&quot;data:image\/svg+xml,%3Csvg xmlns=&#039;http:\/\/www.w3.org\/2000\/svg&#039; preserveAspectRatio=&#039;none&#039; overflow=&#039;visible&#039; height=&#039;100%&#039; viewBox=&#039;0 0 24 24&#039; fill=&#039;none&#039; stroke=&#039;black&#039; stroke-width=&#039;7&#039; stroke-linecap=&#039;square&#039; stroke-miterlimit=&#039;10&#039;%3E%3Cpath d=&#039;M0,6c6,0,6,13,12,13S18,6,24,6&#039;\/%3E%3C\/svg%3E&quot;);\">\n\t\t\t<span class=\"elementor-divider-separator\">\n\t\t\t\t\t\t<\/span>\n\t\t<\/div>\n\t\t\t\t\t\t<\/div>\n\t\t\t\t<\/div>\n\t\t\t\t<div class=\"elementor-element elementor-element-600efcf elementor-widget elementor-widget-text-editor\" data-id=\"600efcf\" data-element_type=\"widget\" data-e-type=\"widget\" data-widget_type=\"text-editor.default\">\n\t\t\t\t<div class=\"elementor-widget-container\">\n\t\t\t\t\t\t\t\t\t<p><img fetchpriority=\"high\" decoding=\"async\" class=\"size-medium wp-image-1272 alignleft\" src=\"https:\/\/proyectos.pgiovas.com\/alfaquarium\/wp-content\/uploads\/2020\/08\/turbinaria_patula-300x300.jpg\" alt=\"\" width=\"300\" height=\"300\" srcset=\"https:\/\/proyectos.pgiovas.com\/alfaquarium\/wp-content\/uploads\/2020\/08\/turbinaria_patula-300x300.jpg 300w, https:\/\/proyectos.pgiovas.com\/alfaquarium\/wp-content\/uploads\/2020\/08\/turbinaria_patula-150x150.jpg 150w, https:\/\/proyectos.pgiovas.com\/alfaquarium\/wp-content\/uploads\/2020\/08\/turbinaria_patula-370x370.jpg 370w, https:\/\/proyectos.pgiovas.com\/alfaquarium\/wp-content\/uploads\/2020\/08\/turbinaria_patula-90x90.jpg 90w, https:\/\/proyectos.pgiovas.com\/alfaquarium\/wp-content\/uploads\/2020\/08\/turbinaria_patula-406x406.jpg 406w, https:\/\/proyectos.pgiovas.com\/alfaquarium\/wp-content\/uploads\/2020\/08\/turbinaria_patula-143x143.jpg 143w, https:\/\/proyectos.pgiovas.com\/alfaquarium\/wp-content\/uploads\/2020\/08\/turbinaria_patula-400x400.jpg 400w, https:\/\/proyectos.pgiovas.com\/alfaquarium\/wp-content\/uploads\/2020\/08\/turbinaria_patula-100x100.jpg 100w, https:\/\/proyectos.pgiovas.com\/alfaquarium\/wp-content\/uploads\/2020\/08\/turbinaria_patula.jpg 500w\" sizes=\"(max-width: 300px) 100vw, 300px\" \/><\/p><p><strong>Nombre cient\u00edfico:<\/strong> Turbinaria patula<br \/><strong>Nombre com\u00fan en ingl\u00e9s:<\/strong> Patula coral<br \/><strong>Nombre com\u00fan en espa\u00f1ol:<\/strong> Coral patula<br \/><strong>Familia:<\/strong> Dendrophylliidae<br \/><strong>Origen:<\/strong> Indo Pac\u00edfico <br \/><strong>Par\u00e1metros ideales:<\/strong><br \/><strong>Salinidad:<\/strong> 1023 a 1025<br \/><strong>Temperatura:<\/strong> 23 a 26\u00ba C<br \/>Calcio: 400 a 450 ppm<br \/>Alcalinidad: 8 a 12 dKH<br \/>Magnesio: 1200 a 1350<br \/>Estroncio: 8 a 10<br \/>PH: 8.10 a 8.40<br \/><br \/><strong>Informaci\u00f3n, cuidados y curiosidades: <\/strong>Los corales del g\u00e9nero Turbinaria fueron descritos por Oken en 1815. De acuerdo con el autor Vernon, en su libro \u201cCorales de Australia y el Indo Pac\u00edfico\u201d, existen 80 especies nominales, siendo 10 de ellas especies verdaderas originarias de Australia. Hay 30 especies reconocidas de este g\u00e9nero, aunque las m\u00e1s com\u00fanmente comercializadas e importadas son los corales T. Reniformis, T. Frondens, T. Mesenterina, T. Patula, T. Peltata y T. Bifrons.<\/p><p>Los corales del g\u00e9nero Turbinaria son considerados unos de los pocos corales hermatipicos o \u201cconstructores de arrecifes\u201d, y uno de los 3 g\u00e9neros constructores de corales de la familia Dendrophylliidae. El Turbinaria tambi\u00e9n es el \u00fanico g\u00e9nero de esta familia que es simbi\u00f3tico, es decir, que estos corales viven en simbiosis con unas algas marinas llamadas zooxantelas, de las cuales obtienen parte de los nutrientes que necesitan.<\/p><p>La habilidad de los corales Turbinaria para adoptar diferentes formas es \u00fanica, y depende de la profundidad a la que vivan. Cambiar\u00e1n su forma para aprovechar al m\u00e1ximo la iluminaci\u00f3n que reciben en sus diferentes h\u00e1bitats. Los especimenes que viven a mayores profundidades tienen una apariencia diferente a la de aquellos que viven a menores profundidades y con m\u00e1s iluminaci\u00f3n. Consecuentemente, los nombres comunes se intercambian entre las especies.<\/p><p>El coral Turbinaria patula fue descrito por Dana en 1846.<\/p><p>Este coral es originario de alrededor de Australia, la Gran Barrera de Arrecifes, al sur a la isla de Lord Howe y al sur hacia el archipi\u00e9lago Damper en la costa oeste.<\/p><p>Puede encontrarse a profundidades que van de los 0 a los 40 m, en arrecifes superficiales, zonas de las playas entre la pleamar y la bajamar y la parte baja de las laderas de los arrecifes.<\/p><p>El coral Turbinaria patula posee un esqueleto de estructura ligera y adopta una gran variedad de formas, dependiendo de la profundidad a la que viva.<\/p><p>Sus colonias generalmente est\u00e1n plegadas y dobladas irregularmente, son unifaciales, con frondas verticales y largos coralites tubulares que est\u00e1n muy inclinados hacia los m\u00e1rgenes de la colonia.<\/p><p>Sus coralites tienen aberturas el\u00edpticas y miden aproximadamente 5 mm de di\u00e1metro.<\/p><p>Este coral posee p\u00f3lipos capaces de capturar e ingerir part\u00edculas de comida m\u00e1s grandes. Sus p\u00f3lipos utilizan secreciones mucosas para capturar la comida y para deshacerse de los desperdicios.<\/p><p>Cada uno de estos p\u00f3lipos posee tent\u00e1culos relativamente largos, que generalmente s\u00f3lo extienden durante las noches. Dependiendo de la forma que el coral T. Patula haya adoptado, sus coralites pueden\u00a0 estar a ras de su superficie o ser tubulares. Los coralites tubulares tienen una forma de \u201chormigueros\u201d, los cuales est\u00e1n unos junto a otros en formaciones verticales.<\/p><p>Los corales del g\u00e9nero Turbinaria, como los dem\u00e1s corales LPS, han desarrollado diversas estrategias para alimentarse. A trav\u00e9s de una relaci\u00f3n simbi\u00f3tica con las algas zooxantelas reciben parte de los nutrientes que necesitan. El Turbinaria es el \u00fanico g\u00e9nero de la familia Dendrophylliidae que es simbi\u00f3tico. Tambi\u00e9n estos corales pueden capturar organismos planct\u00f3nicos, part\u00edculas de comida y pueden absorber materia org\u00e1nica disuelta en la columna de agua.<\/p><p>En cautiverio, aunque este coral depende de la iluminaci\u00f3n que reciben sus algas zooxantelas, tambi\u00e9n necesita ser alimentado variadamente con artemia enriquecida reci\u00e9n eclosionada, cyclop eeze y carne de crust\u00e1ceos o pescado finamente picados. Necesita ser alimentado varias veces a la semana. Hay que usar el sentido com\u00fan para determinar cuan a menudo nuestro coral necesita ser alimentado. Si sus p\u00f3lipos empiezan a desaparecer, no est\u00e1 recibiendo suficiente alimentaci\u00f3n.<\/p><p>Tambi\u00e9n hay que asegurarnos que nuestro coral tenga la corriente de agua y la iluminaci\u00f3n adecuadas.<\/p><p>Los corales Turbinaria pueden ser tolerantes respecto a las diferentes intensidades de iluminaci\u00f3n, aunque prefieren una iluminaci\u00f3n moderada. Adem\u00e1s de la iluminaci\u00f3n adecuada, necesitan una corriente de agua moderada pero turbulenta.<\/p><p>Este coral es pac\u00edfico. Sin embargo, si sus p\u00f3lipos son irritados, pueden producir una fuerte red de mucosidad. Si esta mucosidad entra en contacto con otros corales puede da\u00f1arlos, por lo que hay que dejar suficiente espacio entre este coral y los dem\u00e1s.<\/p><p>Es muy importante mantener a este coral lejos de los Zoanthus y de los tent\u00e1culos de los dem\u00e1s corales. Pueden convivir perfectamente con peces no agresivos o coral\u00edvoros, aunque no le gusta que se le posen encima, que caminen sobre \u00e9l o ser molestado por cualquier tipo de cangrejo.<\/p><p>Los corales LPS son hermafroditas, los organismos son hembras y machos, y pueden reproducirse sexual o asexualmente. En la naturaleza se reproducen sexualmente liberando huevecillos y esperma al mismo tiempo, lo que resulta en un huevecillo fertilizado que entonces se desarrolla en una pl\u00e1nula de nado libre. Eventualmente esta larva pl\u00e1nula se establece en el sustrato, volvi\u00e9ndose un plankter. Este entonces forma un peque\u00f1o p\u00f3lipo que comienza a excretar carbonato de calcio y se desarrolla en un coral. Las larvas pl\u00e1nula son extremadamente vulnerables a la depredaci\u00f3n y muy pocas sobreviven.<\/p><p>Los corales del g\u00e9nero Turbinaria tambi\u00e9n pueden reproducirse asexualmente, por fragmentaci\u00f3n o por brotes extra tentaculares.<\/p><p>Propagar en cautiverio al coral T. Patula es muy f\u00e1cil, solamente hay que fragmentarlo. En un futuro a nivel comercial podr\u00eda utilizarse la reproducci\u00f3n sexual de este coral para propagarlo, cosa que ya se ha realizado exitosamente a peque\u00f1a escala.<\/p><p>Par fragmentarlo, primero que nada es necesario contar con un esp\u00e9cimen sano. Lo mejor para cortar el coral es utilizar una sierra el\u00e9ctrica o una sierra manual para cortar hueso. Una vez que el fragmento ha sido cortado, debe dejarse de costado, para permitir que la corriente de agua le ayude a sanar completamente. Si la herida queda hacia abajo, no recibir\u00e1 la corriente de agua y se infectar\u00e1. El fragmento quiz\u00e1 no se vea muy bonito, pero r\u00e1pidamente empezar\u00e1 a crecer y a formar hermosas copas, rollos o cualquier otra forma que el medio ambiente del acuario lo estimule a adoptar. Hay que permitir que los fragmentos sanen completamente antes de cambiarlos de acuario.<\/p><p>Este coral es muy atractivo y durable cuando recibe todos los cuidados que requiere. Utiliza secreciones mucosas para capturar su comida o deshacerse de los desperdicios. Solamente debemos preocuparnos cuando observemos que el tejido debajo de esta mucosidad se ve deteriorado o enfermo. Los especimenes que viven a menor profundidad que tienen formas m\u00e1s complicadas y enrolladas pueden ser m\u00e1s propensos a las enfermedades de la Banda Negra y la Banda Blanca. Hay que mantenerlos libres de detritos, comida y algas con una buena corriente de agua y un \u201csopleteado\u201d peri\u00f3dico con una bomba peque\u00f1a para limpiarles hasta el \u00faltimo rinc\u00f3n.<\/p><p><strong><em>Fuentes del art\u00edculo:<\/em><\/strong><\/p><p><strong><em>Animal world<\/em><\/strong><\/p><p><strong><em>Origen de la imagen:<\/em><\/strong><\/p><p><strong><em>http:\/\/aboutzoo.net<\/em><\/strong><\/p><p><strong><em>Colaboraci\u00f3n de:<\/em><\/strong><\/p><p><strong><em>Jessica Romero Saldivar (AtOmIcFaRt)<\/em><\/strong><\/p>\t\t\t\t\t\t\t\t<\/div>\n\t\t\t\t<\/div>\n\t\t\t\t\t<\/div>\n\t\t<\/div>\n\t\t\t\t\t<\/div>\n\t\t<\/section>\n\t\t\t\t<\/div>\n\t\t","protected":false},"excerpt":{"rendered":"<p>Turbinaria Patula Nombre cient\u00edfico: Turbinaria patulaNombre com\u00fan en ingl\u00e9s: Patula coralNombre com\u00fan en espa\u00f1ol: Coral patulaFamilia: DendrophylliidaeOrigen: Indo Pac\u00edfico Par\u00e1metros ideales:Salinidad: 1023 a 1025Temperatura: 23 a 26\u00ba CCalcio: 400 a 450 ppmAlcalinidad: 8 a 12&hellip;<\/p>\n","protected":false},"author":4,"featured_media":0,"parent":0,"menu_order":0,"comment_status":"closed","ping_status":"closed","template":"","meta":{"footnotes":""},"class_list":["post-4647","page","type-page","status-publish","hentry"],"_links":{"self":[{"href":"https:\/\/proyectos.pgiovas.com\/alfaquarium\/wp-json\/wp\/v2\/pages\/4647","targetHints":{"allow":["GET"]}}],"collection":[{"href":"https:\/\/proyectos.pgiovas.com\/alfaquarium\/wp-json\/wp\/v2\/pages"}],"about":[{"href":"https:\/\/proyectos.pgiovas.com\/alfaquarium\/wp-json\/wp\/v2\/types\/page"}],"author":[{"embeddable":true,"href":"https:\/\/proyectos.pgiovas.com\/alfaquarium\/wp-json\/wp\/v2\/users\/4"}],"replies":[{"embeddable":true,"href":"https:\/\/proyectos.pgiovas.com\/alfaquarium\/wp-json\/wp\/v2\/comments?post=4647"}],"version-history":[{"count":3,"href":"https:\/\/proyectos.pgiovas.com\/alfaquarium\/wp-json\/wp\/v2\/pages\/4647\/revisions"}],"predecessor-version":[{"id":4650,"href":"https:\/\/proyectos.pgiovas.com\/alfaquarium\/wp-json\/wp\/v2\/pages\/4647\/revisions\/4650"}],"wp:attachment":[{"href":"https:\/\/proyectos.pgiovas.com\/alfaquarium\/wp-json\/wp\/v2\/media?parent=4647"}],"curies":[{"name":"wp","href":"https:\/\/api.w.org\/{rel}","templated":true}]}}