{"id":3847,"date":"2020-08-12T10:26:32","date_gmt":"2020-08-12T10:26:32","guid":{"rendered":"http:\/\/alfaquarium.mx\/?page_id=3847"},"modified":"2020-08-12T10:29:30","modified_gmt":"2020-08-12T10:29:30","slug":"chrysiptera-springeri","status":"publish","type":"page","link":"https:\/\/proyectos.pgiovas.com\/alfaquarium\/chrysiptera-springeri","title":{"rendered":"Chrysiptera Springeri"},"content":{"rendered":"\t\t<div data-elementor-type=\"wp-page\" data-elementor-id=\"3847\" class=\"elementor elementor-3847\">\n\t\t\t\t\t\t<section class=\"elementor-section elementor-top-section elementor-element elementor-element-79b8e8b elementor-section-full_width elementor-section-height-default elementor-section-height-default\" data-id=\"79b8e8b\" data-element_type=\"section\" data-e-type=\"section\">\n\t\t\t\t\t\t<div class=\"elementor-container elementor-column-gap-default\">\n\t\t\t\t\t<div class=\"elementor-column elementor-col-100 elementor-top-column elementor-element elementor-element-8003a9b\" data-id=\"8003a9b\" data-element_type=\"column\" data-e-type=\"column\">\n\t\t\t<div class=\"elementor-widget-wrap elementor-element-populated\">\n\t\t\t\t\t\t<div class=\"elementor-element elementor-element-a9cc64a elementor-widget elementor-widget-heading\" data-id=\"a9cc64a\" data-element_type=\"widget\" data-e-type=\"widget\" data-widget_type=\"heading.default\">\n\t\t\t\t<div class=\"elementor-widget-container\">\n\t\t\t\t\t<h3 class=\"elementor-heading-title elementor-size-default\">Chrysiptera Springeri<\/h3>\t\t\t\t<\/div>\n\t\t\t\t<\/div>\n\t\t\t\t<div class=\"elementor-element elementor-element-254ba6f elementor-widget elementor-widget-spacer\" data-id=\"254ba6f\" data-element_type=\"widget\" data-e-type=\"widget\" data-widget_type=\"spacer.default\">\n\t\t\t\t<div class=\"elementor-widget-container\">\n\t\t\t\t\t\t\t<div class=\"elementor-spacer\">\n\t\t\t<div class=\"elementor-spacer-inner\"><\/div>\n\t\t<\/div>\n\t\t\t\t\t\t<\/div>\n\t\t\t\t<\/div>\n\t\t\t\t<div class=\"elementor-element elementor-element-65959d3 elementor-widget-divider--separator-type-pattern elementor-widget-divider--view-line elementor-widget elementor-widget-divider\" data-id=\"65959d3\" data-element_type=\"widget\" data-e-type=\"widget\" data-widget_type=\"divider.default\">\n\t\t\t\t<div class=\"elementor-widget-container\">\n\t\t\t\t\t\t\t<div class=\"elementor-divider\" style=\"--divider-pattern-url: url(&quot;data:image\/svg+xml,%3Csvg xmlns=&#039;http:\/\/www.w3.org\/2000\/svg&#039; preserveAspectRatio=&#039;none&#039; overflow=&#039;visible&#039; height=&#039;100%&#039; viewBox=&#039;0 0 24 24&#039; fill=&#039;none&#039; stroke=&#039;black&#039; stroke-width=&#039;7&#039; stroke-linecap=&#039;square&#039; stroke-miterlimit=&#039;10&#039;%3E%3Cpath d=&#039;M0,6c6,0,6,13,12,13S18,6,24,6&#039;\/%3E%3C\/svg%3E&quot;);\">\n\t\t\t<span class=\"elementor-divider-separator\">\n\t\t\t\t\t\t<\/span>\n\t\t<\/div>\n\t\t\t\t\t\t<\/div>\n\t\t\t\t<\/div>\n\t\t\t\t<div class=\"elementor-element elementor-element-600efcf elementor-widget elementor-widget-text-editor\" data-id=\"600efcf\" data-element_type=\"widget\" data-e-type=\"widget\" data-widget_type=\"text-editor.default\">\n\t\t\t\t<div class=\"elementor-widget-container\">\n\t\t\t\t\t\t\t\t\t<p><img fetchpriority=\"high\" decoding=\"async\" class=\"size-medium wp-image-1461 alignleft\" src=\"https:\/\/proyectos.pgiovas.com\/alfaquarium\/wp-content\/uploads\/2020\/08\/chrysiptera_springeri-300x270.jpg\" alt=\"\" width=\"300\" height=\"270\" srcset=\"https:\/\/proyectos.pgiovas.com\/alfaquarium\/wp-content\/uploads\/2020\/08\/chrysiptera_springeri-300x270.jpg 300w, https:\/\/proyectos.pgiovas.com\/alfaquarium\/wp-content\/uploads\/2020\/08\/chrysiptera_springeri-370x333.jpg 370w, https:\/\/proyectos.pgiovas.com\/alfaquarium\/wp-content\/uploads\/2020\/08\/chrysiptera_springeri-400x360.jpg 400w, https:\/\/proyectos.pgiovas.com\/alfaquarium\/wp-content\/uploads\/2020\/08\/chrysiptera_springeri.jpg 500w\" sizes=\"(max-width: 300px) 100vw, 300px\" \/><\/p><p><strong>Nombre cient\u00edfico:<\/strong> Chrysiptera springeri<br \/><strong>Nombre com\u00fan en ingl\u00e9s:<\/strong> Springer\u2019s damsel<br \/><strong>Nombre com\u00fan en espa\u00f1ol:<\/strong> Damisela de Springer<br \/><strong>Familia:<\/strong> Pomacentridae<br \/><strong>Origen:<\/strong> Pac\u00edfico Oriental<br \/><strong>Par\u00e1metros ideales:<\/strong><br \/><strong>Salinidad:<\/strong> 1023 a 1025<br \/><strong>Temperatura:<\/strong> 23 a 26\u00ba C<br \/><strong>Calcio:<\/strong> 400 a 450 ppm<br \/><strong>Alcalinidad:<\/strong> 8 a 12 dKH<br \/><strong>Magnesio:<\/strong> 1200 a 1350<br \/><strong>Estroncio:<\/strong> 8 a 10<br \/><strong>PH:<\/strong> 8.10 a 8.40<\/p><p><strong>Informaci\u00f3n, cuidados y curiosidades: <\/strong>El Chrysiptera springeri es un bonito pez damisela cuyo cuerpo es de un profundo azul rey que puede o no tener motas negras. Sus aletas ventrales y anales tambi\u00e9n son negras. Esta hermosa coloraci\u00f3n puede atenuarse debido al estr\u00e9s o a la agresi\u00f3n, e incluso puede ponerse completamente negro, lo que le ayuda a evadir a sus depredadores. Como los dem\u00e1s peces damisela, es bastante resistente y una excelente opci\u00f3n para los principiantes o para aquellos que deseen darle m\u00e1s movimiento al acuario. Es originario del Oc\u00e9ano Pac\u00edfico Central y Oriental, el Mar Rojo, Sri Lanka, Mauritius y Australia, y generalmente vive en \u00e1reas ricas en corales de lagunas protegidas y arrecifes costeros con acroporas.<\/p><p>Es un pez muy bonito y popular. Come casi cualquier cosa y es muy resistente a las enfermedades. Necesita estar en un acuario de al menos 200 litros, pues puede llegar a medir alrededor de 6 cm. Aunque es el menos agresivo de los peces damisela, de todos modos la decoraci\u00f3n debe tener muchos huecos y recovecos donde el pez pueda refugiarse y sentirse seguro, para reducir la agresi\u00f3n, pues es muy territorial. Por esto mismo, debe ser el \u00faltimo pez a introducir en el acuario, despu\u00e9s de que todos los dem\u00e1s peces ya se hayan adaptado y establecido sus territorios. Debido a que es un pez muy resistente, algunas personas lo utilizan para ciclar un acuario nuevo. Esto no se recomienda en lo absoluto, jam\u00e1s debe hacerse, porque es una crueldad. Aunque el pez no puede quejarse o demostrarlo, sufre.<\/p><p>Al ser un pez omn\u00edvoro, podemos alimentarlo con algas marinas, espirulina, alimento en hojuelas, mysis, trocitos peque\u00f1os de calamar, pescado, carne de cangrejo, camar\u00f3n, etc, aliment\u00e1ndolo varias veces al d\u00eda, en peque\u00f1as porciones. No molestar\u00e1 o picotear\u00e1 a los corales y dem\u00e1s peces, siempre y cuando no sean otros peces damisela. Este pez tambi\u00e9n es famoso por comerse las planarias, llegando incluso a erradicarlas del acuario. Al ser un pez resistente, es una buena opci\u00f3n para aquellos que apenas empiezan en este maravilloso hobby. No molestar\u00e1 a los corales e invertebrados, aunque al ir creciendo y madurar puede volverse agresivo.<\/p><p><em><strong>Fuentes del art\u00edculo:<\/strong><\/em><\/p><p><em><strong>Fresh marine y Wet web media<\/strong><\/em><\/p><p><em><strong>Origen de la imagen:<\/strong><\/em><\/p><p><em><strong><a href=\"http:\/\/directsealife.com\">http:\/\/directsealife.com<\/a><\/strong><\/em><\/p><p><em><strong>Colaboraci\u00f3n de:<\/strong><\/em><\/p><p><em><strong>Jessica Romero Saldivar (AtOmIcFaRt)<\/strong><\/em><\/p>\t\t\t\t\t\t\t\t<\/div>\n\t\t\t\t<\/div>\n\t\t\t\t\t<\/div>\n\t\t<\/div>\n\t\t\t\t\t<\/div>\n\t\t<\/section>\n\t\t\t\t<\/div>\n\t\t","protected":false},"excerpt":{"rendered":"<p>Chrysiptera Springeri Nombre cient\u00edfico: Chrysiptera springeriNombre com\u00fan en ingl\u00e9s: Springer\u2019s damselNombre com\u00fan en espa\u00f1ol: Damisela de SpringerFamilia: PomacentridaeOrigen: Pac\u00edfico OrientalPar\u00e1metros ideales:Salinidad: 1023 a 1025Temperatura: 23 a 26\u00ba CCalcio: 400 a 450 ppmAlcalinidad: 8 a 12&hellip;<\/p>\n","protected":false},"author":4,"featured_media":0,"parent":0,"menu_order":0,"comment_status":"closed","ping_status":"closed","template":"","meta":{"footnotes":""},"class_list":["post-3847","page","type-page","status-publish","hentry"],"_links":{"self":[{"href":"https:\/\/proyectos.pgiovas.com\/alfaquarium\/wp-json\/wp\/v2\/pages\/3847","targetHints":{"allow":["GET"]}}],"collection":[{"href":"https:\/\/proyectos.pgiovas.com\/alfaquarium\/wp-json\/wp\/v2\/pages"}],"about":[{"href":"https:\/\/proyectos.pgiovas.com\/alfaquarium\/wp-json\/wp\/v2\/types\/page"}],"author":[{"embeddable":true,"href":"https:\/\/proyectos.pgiovas.com\/alfaquarium\/wp-json\/wp\/v2\/users\/4"}],"replies":[{"embeddable":true,"href":"https:\/\/proyectos.pgiovas.com\/alfaquarium\/wp-json\/wp\/v2\/comments?post=3847"}],"version-history":[{"count":2,"href":"https:\/\/proyectos.pgiovas.com\/alfaquarium\/wp-json\/wp\/v2\/pages\/3847\/revisions"}],"predecessor-version":[{"id":3850,"href":"https:\/\/proyectos.pgiovas.com\/alfaquarium\/wp-json\/wp\/v2\/pages\/3847\/revisions\/3850"}],"wp:attachment":[{"href":"https:\/\/proyectos.pgiovas.com\/alfaquarium\/wp-json\/wp\/v2\/media?parent=3847"}],"curies":[{"name":"wp","href":"https:\/\/api.w.org\/{rel}","templated":true}]}}