{"id":3425,"date":"2020-08-12T01:03:07","date_gmt":"2020-08-12T01:03:07","guid":{"rendered":"http:\/\/alfaquarium.mx\/?page_id=3425"},"modified":"2020-08-12T01:04:34","modified_gmt":"2020-08-12T01:04:34","slug":"strombus-gigas","status":"publish","type":"page","link":"https:\/\/proyectos.pgiovas.com\/alfaquarium\/strombus-gigas","title":{"rendered":"Strombus Gigas"},"content":{"rendered":"\t\t<div data-elementor-type=\"wp-page\" data-elementor-id=\"3425\" class=\"elementor elementor-3425\">\n\t\t\t\t\t\t<section class=\"elementor-section elementor-top-section elementor-element elementor-element-79b8e8b elementor-section-full_width elementor-section-height-default elementor-section-height-default\" data-id=\"79b8e8b\" data-element_type=\"section\" data-e-type=\"section\">\n\t\t\t\t\t\t<div class=\"elementor-container elementor-column-gap-default\">\n\t\t\t\t\t<div class=\"elementor-column elementor-col-100 elementor-top-column elementor-element elementor-element-8003a9b\" data-id=\"8003a9b\" data-element_type=\"column\" data-e-type=\"column\">\n\t\t\t<div class=\"elementor-widget-wrap elementor-element-populated\">\n\t\t\t\t\t\t<div class=\"elementor-element elementor-element-a9cc64a elementor-widget elementor-widget-heading\" data-id=\"a9cc64a\" data-element_type=\"widget\" data-e-type=\"widget\" data-widget_type=\"heading.default\">\n\t\t\t\t<div class=\"elementor-widget-container\">\n\t\t\t\t\t<h3 class=\"elementor-heading-title elementor-size-default\">Strombus Gigas<\/h3>\t\t\t\t<\/div>\n\t\t\t\t<\/div>\n\t\t\t\t<div class=\"elementor-element elementor-element-254ba6f elementor-widget elementor-widget-spacer\" data-id=\"254ba6f\" data-element_type=\"widget\" data-e-type=\"widget\" data-widget_type=\"spacer.default\">\n\t\t\t\t<div class=\"elementor-widget-container\">\n\t\t\t\t\t\t\t<div class=\"elementor-spacer\">\n\t\t\t<div class=\"elementor-spacer-inner\"><\/div>\n\t\t<\/div>\n\t\t\t\t\t\t<\/div>\n\t\t\t\t<\/div>\n\t\t\t\t<div class=\"elementor-element elementor-element-65959d3 elementor-widget-divider--separator-type-pattern elementor-widget-divider--view-line elementor-widget elementor-widget-divider\" data-id=\"65959d3\" data-element_type=\"widget\" data-e-type=\"widget\" data-widget_type=\"divider.default\">\n\t\t\t\t<div class=\"elementor-widget-container\">\n\t\t\t\t\t\t\t<div class=\"elementor-divider\" style=\"--divider-pattern-url: url(&quot;data:image\/svg+xml,%3Csvg xmlns=&#039;http:\/\/www.w3.org\/2000\/svg&#039; preserveAspectRatio=&#039;none&#039; overflow=&#039;visible&#039; height=&#039;100%&#039; viewBox=&#039;0 0 24 24&#039; fill=&#039;none&#039; stroke=&#039;black&#039; stroke-width=&#039;7&#039; stroke-linecap=&#039;square&#039; stroke-miterlimit=&#039;10&#039;%3E%3Cpath d=&#039;M0,6c6,0,6,13,12,13S18,6,24,6&#039;\/%3E%3C\/svg%3E&quot;);\">\n\t\t\t<span class=\"elementor-divider-separator\">\n\t\t\t\t\t\t<\/span>\n\t\t<\/div>\n\t\t\t\t\t\t<\/div>\n\t\t\t\t<\/div>\n\t\t\t\t<div class=\"elementor-element elementor-element-600efcf elementor-widget elementor-widget-text-editor\" data-id=\"600efcf\" data-element_type=\"widget\" data-e-type=\"widget\" data-widget_type=\"text-editor.default\">\n\t\t\t\t<div class=\"elementor-widget-container\">\n\t\t\t\t\t\t\t\t\t<p><img decoding=\"async\" class=\"size-full wp-image-1332 alignleft\" src=\"https:\/\/proyectos.pgiovas.com\/alfaquarium\/wp-content\/uploads\/2020\/08\/Strombus-gigas.png\" alt=\"\" width=\"204\" height=\"184\" \/><\/p><p><strong>Nombre cient\u00edfico:<\/strong> Strombus gigas<\/p><p><strong>Nombre com\u00fan en ingl\u00e9s:<\/strong> Queen Conch<\/p><p><strong>Nombre com\u00fan es espa\u00f1ol:<\/strong> Caracol Botuto (Concha Reina)<\/p><p><strong>Tama\u00f1o m\u00e1ximo:<\/strong> Hasta 16 pulgadas (0.4 mt) de largo.<\/p><p><strong>Extensi\u00f3n:<\/strong> Caribe<\/p><p><strong>Tama\u00f1o m\u00ednimo de acuario:<\/strong> Tanques grandes, 100 galones (380 lts) o m\u00e1s.<\/p><p><strong>Iluminaci\u00f3n:<\/strong> Debe ser suficiente para mantener un crecimiento de alga saludable.<\/p><p><strong>Alimento y Alimentaci\u00f3n:<\/strong> Herb\u00edvoro. &#8220;Pastorea&#8221; en todo tipo de micro algas. Puede aceptar raciones en bolitas para herb\u00edvoros.<\/p><p><strong>Conveniencia y Compatibilidad con el acuario de arrecife:<\/strong> Buenos &#8220;pastores&#8221;. Inofensivos. Necesita una gran cantidad de superficie de arena abierta.<\/p><p><strong>Cuidado Cautivo:<\/strong> Las poblaciones silvestres han sido devastadas por la sobrepesca; espec\u00edmenes en el comercio de acuarios son acu\u00edcolas. Caracterizado por ojos grandes con un iris y una pupila evidentes, vigila su entorno. Sobrepasar\u00e1 un tanque peque\u00f1o relativamente r\u00e1pido. Necesita muchas algas; solo alimentar cuando est\u00e1 en la arena. La capa interior es rosa, melocot\u00f3n, amarillo o naranja; el exterior es de color verde apagado o gris, con grandes protuberancias o espinas bajas en el borde de cada verticilo. La apertura de la carcasa se ampliar\u00e1 extensamente en la madurez sexual. El cuerpo es verde olivo o verde p\u00e1lido. Los cangrejos ermita\u00f1os los matar\u00e1n. Los individuos de menos de 0.8 pulgadas (2 cm) de largo a menudo trepan a las rocas y las paredes del acuario, pero las conchas m\u00e1s grandes y pesadas permanecen en el sustrato inferior. Se mueve con un movimiento tambaleante.<\/p><p><em><strong>Fuentes del art\u00edculo:<\/strong><\/em><\/p><p><em><strong>Marine Invertebrates; Ronald <\/strong><\/em><em><strong>L. Shimek, Ph.D.<\/strong><\/em><\/p><p><em><strong>Colaboraci\u00f3n de:<\/strong><\/em><\/p><p><em><strong>Luz Alicia Anduaga<\/strong><\/em><\/p>\t\t\t\t\t\t\t\t<\/div>\n\t\t\t\t<\/div>\n\t\t\t\t\t<\/div>\n\t\t<\/div>\n\t\t\t\t\t<\/div>\n\t\t<\/section>\n\t\t\t\t<\/div>\n\t\t","protected":false},"excerpt":{"rendered":"<p>Strombus Gigas Nombre cient\u00edfico: Strombus gigas Nombre com\u00fan en ingl\u00e9s: Queen Conch Nombre com\u00fan es espa\u00f1ol: Caracol Botuto (Concha Reina) Tama\u00f1o m\u00e1ximo: Hasta 16 pulgadas (0.4 mt) de largo. Extensi\u00f3n: Caribe Tama\u00f1o m\u00ednimo de acuario:&hellip;<\/p>\n","protected":false},"author":4,"featured_media":0,"parent":0,"menu_order":0,"comment_status":"closed","ping_status":"closed","template":"","meta":{"footnotes":""},"class_list":["post-3425","page","type-page","status-publish","hentry"],"_links":{"self":[{"href":"https:\/\/proyectos.pgiovas.com\/alfaquarium\/wp-json\/wp\/v2\/pages\/3425","targetHints":{"allow":["GET"]}}],"collection":[{"href":"https:\/\/proyectos.pgiovas.com\/alfaquarium\/wp-json\/wp\/v2\/pages"}],"about":[{"href":"https:\/\/proyectos.pgiovas.com\/alfaquarium\/wp-json\/wp\/v2\/types\/page"}],"author":[{"embeddable":true,"href":"https:\/\/proyectos.pgiovas.com\/alfaquarium\/wp-json\/wp\/v2\/users\/4"}],"replies":[{"embeddable":true,"href":"https:\/\/proyectos.pgiovas.com\/alfaquarium\/wp-json\/wp\/v2\/comments?post=3425"}],"version-history":[{"count":2,"href":"https:\/\/proyectos.pgiovas.com\/alfaquarium\/wp-json\/wp\/v2\/pages\/3425\/revisions"}],"predecessor-version":[{"id":3427,"href":"https:\/\/proyectos.pgiovas.com\/alfaquarium\/wp-json\/wp\/v2\/pages\/3425\/revisions\/3427"}],"wp:attachment":[{"href":"https:\/\/proyectos.pgiovas.com\/alfaquarium\/wp-json\/wp\/v2\/media?parent=3425"}],"curies":[{"name":"wp","href":"https:\/\/api.w.org\/{rel}","templated":true}]}}