{"id":3412,"date":"2020-08-12T00:52:41","date_gmt":"2020-08-12T00:52:41","guid":{"rendered":"http:\/\/alfaquarium.mx\/?page_id=3412"},"modified":"2020-08-12T00:54:53","modified_gmt":"2020-08-12T00:54:53","slug":"ovula-ovum","status":"publish","type":"page","link":"https:\/\/proyectos.pgiovas.com\/alfaquarium\/ovula-ovum","title":{"rendered":"Ovula ovum"},"content":{"rendered":"\t\t<div data-elementor-type=\"wp-page\" data-elementor-id=\"3412\" class=\"elementor elementor-3412\">\n\t\t\t\t\t\t<section class=\"elementor-section elementor-top-section elementor-element elementor-element-79b8e8b elementor-section-full_width elementor-section-height-default elementor-section-height-default\" data-id=\"79b8e8b\" data-element_type=\"section\" data-e-type=\"section\">\n\t\t\t\t\t\t<div class=\"elementor-container elementor-column-gap-default\">\n\t\t\t\t\t<div class=\"elementor-column elementor-col-100 elementor-top-column elementor-element elementor-element-8003a9b\" data-id=\"8003a9b\" data-element_type=\"column\" data-e-type=\"column\">\n\t\t\t<div class=\"elementor-widget-wrap elementor-element-populated\">\n\t\t\t\t\t\t<div class=\"elementor-element elementor-element-a9cc64a elementor-widget elementor-widget-heading\" data-id=\"a9cc64a\" data-element_type=\"widget\" data-e-type=\"widget\" data-widget_type=\"heading.default\">\n\t\t\t\t<div class=\"elementor-widget-container\">\n\t\t\t\t\t<h3 class=\"elementor-heading-title elementor-size-default\">Ovula Ovum<\/h3>\t\t\t\t<\/div>\n\t\t\t\t<\/div>\n\t\t\t\t<div class=\"elementor-element elementor-element-254ba6f elementor-widget elementor-widget-spacer\" data-id=\"254ba6f\" data-element_type=\"widget\" data-e-type=\"widget\" data-widget_type=\"spacer.default\">\n\t\t\t\t<div class=\"elementor-widget-container\">\n\t\t\t\t\t\t\t<div class=\"elementor-spacer\">\n\t\t\t<div class=\"elementor-spacer-inner\"><\/div>\n\t\t<\/div>\n\t\t\t\t\t\t<\/div>\n\t\t\t\t<\/div>\n\t\t\t\t<div class=\"elementor-element elementor-element-65959d3 elementor-widget-divider--separator-type-pattern elementor-widget-divider--view-line elementor-widget elementor-widget-divider\" data-id=\"65959d3\" data-element_type=\"widget\" data-e-type=\"widget\" data-widget_type=\"divider.default\">\n\t\t\t\t<div class=\"elementor-widget-container\">\n\t\t\t\t\t\t\t<div class=\"elementor-divider\" style=\"--divider-pattern-url: url(&quot;data:image\/svg+xml,%3Csvg xmlns=&#039;http:\/\/www.w3.org\/2000\/svg&#039; preserveAspectRatio=&#039;none&#039; overflow=&#039;visible&#039; height=&#039;100%&#039; viewBox=&#039;0 0 24 24&#039; fill=&#039;none&#039; stroke=&#039;black&#039; stroke-width=&#039;7&#039; stroke-linecap=&#039;square&#039; stroke-miterlimit=&#039;10&#039;%3E%3Cpath d=&#039;M0,6c6,0,6,13,12,13S18,6,24,6&#039;\/%3E%3C\/svg%3E&quot;);\">\n\t\t\t<span class=\"elementor-divider-separator\">\n\t\t\t\t\t\t<\/span>\n\t\t<\/div>\n\t\t\t\t\t\t<\/div>\n\t\t\t\t<\/div>\n\t\t\t\t<div class=\"elementor-element elementor-element-600efcf elementor-widget elementor-widget-text-editor\" data-id=\"600efcf\" data-element_type=\"widget\" data-e-type=\"widget\" data-widget_type=\"text-editor.default\">\n\t\t\t\t<div class=\"elementor-widget-container\">\n\t\t\t\t\t\t\t\t\t<p><img decoding=\"async\" class=\"size-full wp-image-1329 alignleft\" src=\"https:\/\/proyectos.pgiovas.com\/alfaquarium\/wp-content\/uploads\/2020\/08\/Ovula-ovum.png\" alt=\"\" width=\"198\" height=\"178\" \/><\/p><p><strong>Nombre cient\u00edfico:<\/strong> Ovula ovum<\/p><p><strong>Nombre com\u00fan en ingl\u00e9s:<\/strong> Egg Cowrie (Ovulid)<\/p><p><strong>Nombre com\u00fan es espa\u00f1ol:<\/strong> Caracol Ovulado (Caracol Huevo)<\/p><p><strong>Tama\u00f1o m\u00e1ximo:<\/strong> Hasta 3 pulgadas (7.6 cm) de largo.<\/p><p><strong>Extensi\u00f3n:<\/strong> Indo Pac\u00edfico<\/p><p><strong>Tama\u00f1o m\u00ednimo de acuario:<\/strong> Tanques grandes, 100 galones (380 lts) o m\u00e1s.<\/p><p><strong>Iluminaci\u00f3n:<\/strong> Irrelevante<\/p><p><strong>Alimento y Alimentaci\u00f3n:<\/strong> Caza corales blandos.<\/p><p><strong>Conveniencia y Compatibilidad con el acuario de arrecife:<\/strong> Depredadores peligrosos; comen muchos tipos de corales blandos.<\/p><p><strong>Cuidado Cautivo: <em>Ovula ovum,<\/em> <\/strong>y las otras varias especies similares, deber\u00edan ser evitadas por la mayor\u00eda de los acuaristas de arrecifes. Parecen ser grandes <strong><em>cipraea cowries<\/em> (Familia <em>Cypraeidae<\/em>),<\/strong> pero en realidad est\u00e1n en un grupo taxon\u00f3mico estrechamente relacionado pero ligeramente diferente (Familia <strong><em>Ovulidae<\/em><\/strong>), que contiene un par de docenas de especies, muchas de las cuales son depredadores de varios corales. Si le preocupa un exceso de <strong><em>Sarcophyton<\/em><\/strong>, estos son los animales para usted. De lo contrario, no los compre ni los solicite. Las conchas parecen huevos brillantes o <strong><em>cowries<\/em><\/strong> un tanto alargados con un blanco brillante, con la abertura desplazada hacia un lado. El color blanco v\u00edtreo no se encuentra en ning\u00fan <strong><em>cowrie cypraeid<\/em>.<\/strong> Cuando sale el manto, son extraordinariamente hermosos: el manto es negro azabache con protuberancias blancas a menudo con punta de oro.<\/p><p><em><strong>Fuentes del art\u00edculo:<\/strong><\/em><\/p><p><em><strong>Marine Invertebrates; Ronald L. <\/strong><\/em><\/p><p><em><strong>Shimek, Ph.D.<\/strong><\/em><\/p><p><em><strong>Colaboraci\u00f3n de:<\/strong><\/em><\/p><p><em><strong>Luz Alicia Anduaga<\/strong><\/em><\/p>\t\t\t\t\t\t\t\t<\/div>\n\t\t\t\t<\/div>\n\t\t\t\t\t<\/div>\n\t\t<\/div>\n\t\t\t\t\t<\/div>\n\t\t<\/section>\n\t\t\t\t<\/div>\n\t\t","protected":false},"excerpt":{"rendered":"<p>Ovula Ovum Nombre cient\u00edfico: Ovula ovum Nombre com\u00fan en ingl\u00e9s: Egg Cowrie (Ovulid) Nombre com\u00fan es espa\u00f1ol: Caracol Ovulado (Caracol Huevo) Tama\u00f1o m\u00e1ximo: Hasta 3 pulgadas (7.6 cm) de largo. Extensi\u00f3n: Indo Pac\u00edfico Tama\u00f1o m\u00ednimo&hellip;<\/p>\n","protected":false},"author":4,"featured_media":0,"parent":0,"menu_order":0,"comment_status":"closed","ping_status":"closed","template":"","meta":{"footnotes":""},"class_list":["post-3412","page","type-page","status-publish","hentry"],"_links":{"self":[{"href":"https:\/\/proyectos.pgiovas.com\/alfaquarium\/wp-json\/wp\/v2\/pages\/3412","targetHints":{"allow":["GET"]}}],"collection":[{"href":"https:\/\/proyectos.pgiovas.com\/alfaquarium\/wp-json\/wp\/v2\/pages"}],"about":[{"href":"https:\/\/proyectos.pgiovas.com\/alfaquarium\/wp-json\/wp\/v2\/types\/page"}],"author":[{"embeddable":true,"href":"https:\/\/proyectos.pgiovas.com\/alfaquarium\/wp-json\/wp\/v2\/users\/4"}],"replies":[{"embeddable":true,"href":"https:\/\/proyectos.pgiovas.com\/alfaquarium\/wp-json\/wp\/v2\/comments?post=3412"}],"version-history":[{"count":3,"href":"https:\/\/proyectos.pgiovas.com\/alfaquarium\/wp-json\/wp\/v2\/pages\/3412\/revisions"}],"predecessor-version":[{"id":3416,"href":"https:\/\/proyectos.pgiovas.com\/alfaquarium\/wp-json\/wp\/v2\/pages\/3412\/revisions\/3416"}],"wp:attachment":[{"href":"https:\/\/proyectos.pgiovas.com\/alfaquarium\/wp-json\/wp\/v2\/media?parent=3412"}],"curies":[{"name":"wp","href":"https:\/\/api.w.org\/{rel}","templated":true}]}}