{"id":3182,"date":"2020-08-11T15:33:54","date_gmt":"2020-08-11T15:33:54","guid":{"rendered":"http:\/\/alfaquarium.mx\/?page_id=3182"},"modified":"2020-08-11T15:40:28","modified_gmt":"2020-08-11T15:40:28","slug":"tubastrea-faulkneri","status":"publish","type":"page","link":"https:\/\/proyectos.pgiovas.com\/alfaquarium\/tubastrea-faulkneri","title":{"rendered":"Tubastrea Faulkneri"},"content":{"rendered":"\t\t<div data-elementor-type=\"wp-page\" data-elementor-id=\"3182\" class=\"elementor elementor-3182\">\n\t\t\t\t\t\t<section class=\"elementor-section elementor-top-section elementor-element elementor-element-d1d08a7 elementor-section-boxed elementor-section-height-default elementor-section-height-default\" data-id=\"d1d08a7\" data-element_type=\"section\" data-e-type=\"section\">\n\t\t\t\t\t\t<div class=\"elementor-container elementor-column-gap-default\">\n\t\t\t\t\t<div class=\"elementor-column elementor-col-100 elementor-top-column elementor-element elementor-element-1b4ef31\" data-id=\"1b4ef31\" data-element_type=\"column\" data-e-type=\"column\">\n\t\t\t<div class=\"elementor-widget-wrap elementor-element-populated\">\n\t\t\t\t\t\t<div class=\"elementor-element elementor-element-24f261d elementor-widget elementor-widget-heading\" data-id=\"24f261d\" data-element_type=\"widget\" data-e-type=\"widget\" data-widget_type=\"heading.default\">\n\t\t\t\t<div class=\"elementor-widget-container\">\n\t\t\t\t\t<h3 class=\"elementor-heading-title elementor-size-default\">Tubastrea Faulkneri<\/h3>\t\t\t\t<\/div>\n\t\t\t\t<\/div>\n\t\t\t\t<div class=\"elementor-element elementor-element-456bc87 elementor-widget elementor-widget-spacer\" data-id=\"456bc87\" data-element_type=\"widget\" data-e-type=\"widget\" data-widget_type=\"spacer.default\">\n\t\t\t\t<div class=\"elementor-widget-container\">\n\t\t\t\t\t\t\t<div class=\"elementor-spacer\">\n\t\t\t<div class=\"elementor-spacer-inner\"><\/div>\n\t\t<\/div>\n\t\t\t\t\t\t<\/div>\n\t\t\t\t<\/div>\n\t\t\t\t<div class=\"elementor-element elementor-element-d632ac9 elementor-widget-divider--separator-type-pattern elementor-widget-divider--view-line elementor-widget elementor-widget-divider\" data-id=\"d632ac9\" data-element_type=\"widget\" data-e-type=\"widget\" data-widget_type=\"divider.default\">\n\t\t\t\t<div class=\"elementor-widget-container\">\n\t\t\t\t\t\t\t<div class=\"elementor-divider\" style=\"--divider-pattern-url: url(&quot;data:image\/svg+xml,%3Csvg xmlns=&#039;http:\/\/www.w3.org\/2000\/svg&#039; preserveAspectRatio=&#039;none&#039; overflow=&#039;visible&#039; height=&#039;100%&#039; viewBox=&#039;0 0 24 24&#039; fill=&#039;none&#039; stroke=&#039;black&#039; stroke-width=&#039;7&#039; stroke-linecap=&#039;square&#039; stroke-miterlimit=&#039;10&#039;%3E%3Cpath d=&#039;M0,6c6,0,6,13,12,13S18,6,24,6&#039;\/%3E%3C\/svg%3E&quot;);\">\n\t\t\t<span class=\"elementor-divider-separator\">\n\t\t\t\t\t\t<\/span>\n\t\t<\/div>\n\t\t\t\t\t\t<\/div>\n\t\t\t\t<\/div>\n\t\t\t\t<div class=\"elementor-element elementor-element-df1b2a9 elementor-widget elementor-widget-text-editor\" data-id=\"df1b2a9\" data-element_type=\"widget\" data-e-type=\"widget\" data-widget_type=\"text-editor.default\">\n\t\t\t\t<div class=\"elementor-widget-container\">\n\t\t\t\t\t\t\t\t\t<p><img fetchpriority=\"high\" decoding=\"async\" class=\"size-medium wp-image-1192 alignleft\" src=\"https:\/\/proyectos.pgiovas.com\/alfaquarium\/wp-content\/uploads\/2020\/07\/tubastrea_faulkneri-300x300.jpg\" alt=\"\" width=\"300\" height=\"300\" srcset=\"https:\/\/proyectos.pgiovas.com\/alfaquarium\/wp-content\/uploads\/2020\/07\/tubastrea_faulkneri-300x300.jpg 300w, https:\/\/proyectos.pgiovas.com\/alfaquarium\/wp-content\/uploads\/2020\/07\/tubastrea_faulkneri-150x150.jpg 150w, https:\/\/proyectos.pgiovas.com\/alfaquarium\/wp-content\/uploads\/2020\/07\/tubastrea_faulkneri-370x370.jpg 370w, https:\/\/proyectos.pgiovas.com\/alfaquarium\/wp-content\/uploads\/2020\/07\/tubastrea_faulkneri-90x90.jpg 90w, https:\/\/proyectos.pgiovas.com\/alfaquarium\/wp-content\/uploads\/2020\/07\/tubastrea_faulkneri-406x406.jpg 406w, https:\/\/proyectos.pgiovas.com\/alfaquarium\/wp-content\/uploads\/2020\/07\/tubastrea_faulkneri-143x143.jpg 143w, https:\/\/proyectos.pgiovas.com\/alfaquarium\/wp-content\/uploads\/2020\/07\/tubastrea_faulkneri-400x400.jpg 400w, https:\/\/proyectos.pgiovas.com\/alfaquarium\/wp-content\/uploads\/2020\/07\/tubastrea_faulkneri-100x100.jpg 100w, https:\/\/proyectos.pgiovas.com\/alfaquarium\/wp-content\/uploads\/2020\/07\/tubastrea_faulkneri.jpg 500w\" sizes=\"(max-width: 300px) 100vw, 300px\" \/><\/p><p><strong>Nombre cient\u00edfico:<\/strong> Tubastrea faulkneri<br \/><strong>Nombre com\u00fan en ingl\u00e9s:<\/strong> Orange sun coral<br \/><strong>Nombre com\u00fan en espa\u00f1ol:<\/strong> Coral sol naranja<br \/><strong>Familia:<\/strong> Dendrophylliidae<br \/><strong>Origen:<\/strong> Indo Pac\u00edfico<br \/><strong>Par\u00e1metros ideales:<\/strong><br \/><strong>Salinidad:<\/strong> 1023 a 1025<br \/><strong>Temperatura:<\/strong> 23 a 26\u00ba C<br \/><strong>Calcio:<\/strong> 400 a 450 ppm<br \/><strong>Alcalinidad:<\/strong> 8 a 12 dKH<br \/><strong>Magnesio:<\/strong> 1200 a 1350<br \/><strong>Estroncio:<\/strong> 8 a 10<br \/><strong>PH:<\/strong> 8.10 a 8.40<\/p><p><strong>Informaci\u00f3n, cuidados y curiosidades:<\/strong><\/p><p>El g\u00e9nero Tubastrea fue descrito por Lesson en 1829.<\/p><p>Estos corales son azooxantelados o no fotosint\u00e9ticos, lo que quiere decir que \u00fanicamente sobreviven aliment\u00e1ndose, y la iluminaci\u00f3n no afecta su crecimiento. Generalmente no son corales ahermatipicos o constructores de arrecifes.<\/p><p>Existen 7 especies de Tubastrea. Estas son T. Aurea, T. Coccinea, T. Diaphana, T. Faulkneri, T. Floreana, T. Micranthus y T. Tagusensis.<\/p><p>El coral T. Faulkneri fue descrito por Wells en 1982. Este coral produce un compuesto bio activo con propiedades antivirales llamado tubastrina.<\/p><p>Este coral puede ser encontrado en el Indo Pac\u00edfico, en aguas australianas, a lo largo de las costas tropicales, el sur de Sydney y la bah\u00eda Jurien en la costa este.<\/p><p>Vive en las entradas de las cuevas y debajo de salientes en aguas con muchos nutrientes y fuertes corrientes. Tambi\u00e9n pueden encontrarse en zonas iluminadas o no relacionadas con el arrecife. Viven a profundidades que van de los 0 a los 40 m.<\/p><p>Estos corales forman colonias de alrededor de 15 cm de di\u00e1metro, y a veces crecen unos sobre otros, formando una estructura m\u00e1s grande y compleja llamada \u201ccomunidad\u201d. Sus coralites, o la estructura dura, redonda y tubular donde viven sus p\u00f3lipos, est\u00e1n cubiertos de un tejido llamado coenosteum.<\/p><p>Los p\u00f3lipos del coral T. Faulkneri son muy carnosos y casi siempre se extienden por las tardes, aunque pueden \u201centrenarse\u201d para que los extiendan durante el d\u00eda ofreci\u00e9ndoles alimento. El coral posee tent\u00e1culos, y estos son amarillo brillante, mientras que el coenosteum es naranja brillante, y el centro de los p\u00f3lipos tambi\u00e9n es naranja brillante. Durante el d\u00eda este coral est\u00e1 completamente retra\u00eddo y \u00fanicamente puede ser visto el coenosteum, d\u00e1ndole la apariencia de una pelota con protuberancias aplanadas.<\/p><p>Este coral es el m\u00e1s reconocido del g\u00e9nero Tubastrea. Se dice que estos corales \u00fanicamente crecen 4 cm al a\u00f1o, y se desconoce cu\u00e1nto tiempo pueden llegar a vivir.<\/p><p>Este coral puede ser f\u00e1cil o moderadamente dif\u00edcil de mantener, todo depende de la dedicaci\u00f3n que le procure el acuarista para alimentarlo diariamente. La luz no lo da\u00f1a, pero no tienen buenas defensas contra las algas, y estas pueden crecer r\u00e1pido en zonas iluminadas. Si se permite que las algas crezcan en este coral, morir\u00e1. Colocar el coral en \u00e1reas bajo cornisas en las que generalmente no hay suficiente corriente de agua tambi\u00e9n puede propiciar el crecimiento de algas. El movimiento de agua fuerte es obligatorio.<\/p><p>Al ser un coral que no posee zooxantelas, y por ende no ser fotosint\u00e9tico, a diferencia de otros corales LPS, para sobrevivir necesita capturar organismos planct\u00f3nicos, part\u00edculas de comida y absorber materia org\u00e1nica disuelta de la columna de agua, e incluso puede capturar peces peque\u00f1os.<\/p><p>En cautiverio necesita ser alimentado de dos a tres veces al d\u00eda, con artemias salinas enriquecidas, mysis, trocitos peque\u00f1os de calamar, pescado, camar\u00f3n, carne de cangrejo, papilla casera o alimentos comerciales congelados. Tienen que ser alimentados todos y cada uno de los p\u00f3lipos, pues si uno no recibe alimento, morir\u00e1 irremediablemente. Si est\u00e1n bien alimentados, tendr\u00e1n una apariencia \u201chinchada\u201d.<\/p><p>Las colonias nuevas requieren ser \u201ctentadas\u201d con un trozo de camar\u00f3n, movi\u00e9ndolo con cuidado con unas pinzas sobre los p\u00f3lipos, para que detecten su olor y se extiendan para comer. Hay que ser muy pacientes y persistentes, pues esto puede tomar hasta dos semanas. Alimentarlos siempre a la misma hora har\u00e1 que \u201caprendan\u201d y ya no tendremos necesitad de \u201ctentarlos\u201d con el pedacito de camar\u00f3n para que se extiendan.<\/p><p>Hay varias formas de alimentar a este coral, para que todos sus p\u00f3lipos reciban alimento:<\/p><ul><li>Sacarlo del acuario, colocarlo en un recipiente con agua del acuario, ponerlo a flotar en el acuario y proporcionarle la comida. Una vez que todos los p\u00f3lipos se hayan alimentado, puede ser devuelto al acuario, desechando el agua del recipiente. Esta opci\u00f3n ayuda a no contaminar el agua del acuario. Recuerden que hay que tentar primero al coral para que extienda los p\u00f3lipos.<\/li><li>Dejando al coral en el acuario. Colocarle una cubierta para que el alimento no se extienda por todo el acuario y todos sus p\u00f3lipos puedan alimentarse.<\/li><li>Otra opci\u00f3n es apagar todas las bombas del acuario, pero no hay que olvidarse de encenderlas otra vez despu\u00e9s de que el coral se haya alimentado.<\/li><\/ul><p>Este coral es pac\u00edfico pues sus tent\u00e1culos no poseen nematocistos. Por esto mismo, debe ser mantenido lejos de otros corales pues puede ser quemado, irritado o da\u00f1ado por ellos. Puede ser depredado por el caracol Epinotium billeeanum. Estos caracoles tienen la misma forma y el color exacto de los p\u00f3lipos del coral cuando est\u00e1n cerrados. El nudibranquio Phestilla melanobrachia puede ser otra plaga, y es del color exacto del Tubastrea del cual se alimenta. Hay que revisar muy bien el coral para removerle estos organismos.<\/p><p>Este coral es hermafrodita, es macho y hembra, y puede reproducirse sexual y asexualmente. En la naturaleza se reproduce sexualmente liberando huevecillos y esperma al mismo tiempo, lo que resulta en un huevecillo fertilizado que se desarrolla hasta formar una larva pl\u00e1nula de nado libre. Al poco tiempo esta larva pl\u00e1nula se establece sobre alg\u00fan sustrato, volvi\u00e9ndose un organismo planct\u00f3nico. Entonces forma un peque\u00f1o p\u00f3lipo que empieza a excretar carbonato de calcio y se desarrolla hasta formar un coral. La larva pl\u00e1nula es extremadamente vulnerable a la depredaci\u00f3n, y muy pocas sobreviven. El T. Faulkneri puede reproducirse asexualmente y a trav\u00e9s de brotes.<\/p><p>En cautiverio puede ser propagado rompiendo piezas de una colonia sana. Otra forma es manteni\u00e9ndolo bien alimentado y dejarlo propagarse \u00e9l solo.<\/p><p>La luz no lo da\u00f1a, pero no tiene buenas defensas contra las algas. Estas crecen r\u00e1pidamente en \u00e1reas iluminadas, por lo que si crecen sobre \u00e9l, lo ahogar\u00e1n y morir\u00e1. El movimiento de agua muy fuerte es indispensable. Colocarlo en \u00e1reas sombreadas en donde generalmente no tiene el movimiento de agua que requiere tambi\u00e9n puede propiciar el crecimiento de algas sobre \u00e9l.<\/p><p>Es\u00a0 muy voraz y necesita ser alimentado frecuentemente. Si no reciben el alimento suficiente, dejar\u00e1 de extender sus tent\u00e1culos y se consumir\u00e1 poco a poco hasta morir.<\/p><p><em><strong>Fuentes del art\u00edculo:<\/strong><\/em><\/p><p><em><strong>Animal world<\/strong><\/em><\/p><p><em><strong>Origen de la imagen:<\/strong><\/em><\/p><p><em><strong>http:\/\/farm3.static.flickr.com<\/strong><\/em><\/p><p><em><strong>Colaboraci\u00f3n de:<\/strong><\/em><\/p><p><em><strong>Jessica Romero Saldivar (AtOmIcFaRt)<\/strong><\/em><\/p>\t\t\t\t\t\t\t\t<\/div>\n\t\t\t\t<\/div>\n\t\t\t\t\t<\/div>\n\t\t<\/div>\n\t\t\t\t\t<\/div>\n\t\t<\/section>\n\t\t\t\t<\/div>\n\t\t","protected":false},"excerpt":{"rendered":"<p>Tubastrea Faulkneri Nombre cient\u00edfico: Tubastrea faulkneriNombre com\u00fan en ingl\u00e9s: Orange sun coralNombre com\u00fan en espa\u00f1ol: Coral sol naranjaFamilia: DendrophylliidaeOrigen: Indo Pac\u00edficoPar\u00e1metros ideales:Salinidad: 1023 a 1025Temperatura: 23 a 26\u00ba CCalcio: 400 a 450 ppmAlcalinidad: 8 a&hellip;<\/p>\n","protected":false},"author":4,"featured_media":0,"parent":0,"menu_order":0,"comment_status":"closed","ping_status":"closed","template":"","meta":{"footnotes":""},"class_list":["post-3182","page","type-page","status-publish","hentry"],"_links":{"self":[{"href":"https:\/\/proyectos.pgiovas.com\/alfaquarium\/wp-json\/wp\/v2\/pages\/3182","targetHints":{"allow":["GET"]}}],"collection":[{"href":"https:\/\/proyectos.pgiovas.com\/alfaquarium\/wp-json\/wp\/v2\/pages"}],"about":[{"href":"https:\/\/proyectos.pgiovas.com\/alfaquarium\/wp-json\/wp\/v2\/types\/page"}],"author":[{"embeddable":true,"href":"https:\/\/proyectos.pgiovas.com\/alfaquarium\/wp-json\/wp\/v2\/users\/4"}],"replies":[{"embeddable":true,"href":"https:\/\/proyectos.pgiovas.com\/alfaquarium\/wp-json\/wp\/v2\/comments?post=3182"}],"version-history":[{"count":2,"href":"https:\/\/proyectos.pgiovas.com\/alfaquarium\/wp-json\/wp\/v2\/pages\/3182\/revisions"}],"predecessor-version":[{"id":3184,"href":"https:\/\/proyectos.pgiovas.com\/alfaquarium\/wp-json\/wp\/v2\/pages\/3182\/revisions\/3184"}],"wp:attachment":[{"href":"https:\/\/proyectos.pgiovas.com\/alfaquarium\/wp-json\/wp\/v2\/media?parent=3182"}],"curies":[{"name":"wp","href":"https:\/\/api.w.org\/{rel}","templated":true}]}}