{"id":3113,"date":"2020-08-11T03:17:49","date_gmt":"2020-08-11T03:17:49","guid":{"rendered":"http:\/\/alfaquarium.mx\/?page_id=3113"},"modified":"2020-08-11T03:23:05","modified_gmt":"2020-08-11T03:23:05","slug":"mycedium","status":"publish","type":"page","link":"https:\/\/proyectos.pgiovas.com\/alfaquarium\/mycedium","title":{"rendered":"Mycedium"},"content":{"rendered":"\t\t<div data-elementor-type=\"wp-page\" data-elementor-id=\"3113\" class=\"elementor elementor-3113\">\n\t\t\t\t\t\t<section class=\"elementor-section elementor-top-section elementor-element elementor-element-d6d24b6 elementor-section-boxed elementor-section-height-default elementor-section-height-default\" data-id=\"d6d24b6\" data-element_type=\"section\" data-e-type=\"section\">\n\t\t\t\t\t\t<div class=\"elementor-container elementor-column-gap-default\">\n\t\t\t\t\t<div class=\"elementor-column elementor-col-100 elementor-top-column elementor-element elementor-element-20dca78\" data-id=\"20dca78\" data-element_type=\"column\" data-e-type=\"column\">\n\t\t\t<div class=\"elementor-widget-wrap elementor-element-populated\">\n\t\t\t\t\t\t<div class=\"elementor-element elementor-element-d104c64 elementor-widget elementor-widget-heading\" data-id=\"d104c64\" data-element_type=\"widget\" data-e-type=\"widget\" data-widget_type=\"heading.default\">\n\t\t\t\t<div class=\"elementor-widget-container\">\n\t\t\t\t\t<h3 class=\"elementor-heading-title elementor-size-default\">Mycedium<\/h3>\t\t\t\t<\/div>\n\t\t\t\t<\/div>\n\t\t\t\t<div class=\"elementor-element elementor-element-6d1a872 elementor-widget elementor-widget-spacer\" data-id=\"6d1a872\" data-element_type=\"widget\" data-e-type=\"widget\" data-widget_type=\"spacer.default\">\n\t\t\t\t<div class=\"elementor-widget-container\">\n\t\t\t\t\t\t\t<div class=\"elementor-spacer\">\n\t\t\t<div class=\"elementor-spacer-inner\"><\/div>\n\t\t<\/div>\n\t\t\t\t\t\t<\/div>\n\t\t\t\t<\/div>\n\t\t\t\t<div class=\"elementor-element elementor-element-325540c elementor-widget-divider--separator-type-pattern elementor-widget-divider--view-line elementor-widget elementor-widget-divider\" data-id=\"325540c\" data-element_type=\"widget\" data-e-type=\"widget\" data-widget_type=\"divider.default\">\n\t\t\t\t<div class=\"elementor-widget-container\">\n\t\t\t\t\t\t\t<div class=\"elementor-divider\" style=\"--divider-pattern-url: url(&quot;data:image\/svg+xml,%3Csvg xmlns=&#039;http:\/\/www.w3.org\/2000\/svg&#039; preserveAspectRatio=&#039;none&#039; overflow=&#039;visible&#039; height=&#039;100%&#039; viewBox=&#039;0 0 24 24&#039; fill=&#039;none&#039; stroke=&#039;black&#039; stroke-width=&#039;7&#039; stroke-linecap=&#039;square&#039; stroke-miterlimit=&#039;10&#039;%3E%3Cpath d=&#039;M0,6c6,0,6,13,12,13S18,6,24,6&#039;\/%3E%3C\/svg%3E&quot;);\">\n\t\t\t<span class=\"elementor-divider-separator\">\n\t\t\t\t\t\t<\/span>\n\t\t<\/div>\n\t\t\t\t\t\t<\/div>\n\t\t\t\t<\/div>\n\t\t\t\t<div class=\"elementor-element elementor-element-e343297 elementor-widget elementor-widget-text-editor\" data-id=\"e343297\" data-element_type=\"widget\" data-e-type=\"widget\" data-widget_type=\"text-editor.default\">\n\t\t\t\t<div class=\"elementor-widget-container\">\n\t\t\t\t\t\t\t\t\t<p><img fetchpriority=\"high\" decoding=\"async\" class=\"size-medium wp-image-1179 alignleft\" src=\"https:\/\/proyectos.pgiovas.com\/alfaquarium\/wp-content\/uploads\/2020\/07\/mycedium-300x300.jpg\" alt=\"\" width=\"300\" height=\"300\" srcset=\"https:\/\/proyectos.pgiovas.com\/alfaquarium\/wp-content\/uploads\/2020\/07\/mycedium-300x300.jpg 300w, https:\/\/proyectos.pgiovas.com\/alfaquarium\/wp-content\/uploads\/2020\/07\/mycedium-150x150.jpg 150w, https:\/\/proyectos.pgiovas.com\/alfaquarium\/wp-content\/uploads\/2020\/07\/mycedium-370x370.jpg 370w, https:\/\/proyectos.pgiovas.com\/alfaquarium\/wp-content\/uploads\/2020\/07\/mycedium-90x90.jpg 90w, https:\/\/proyectos.pgiovas.com\/alfaquarium\/wp-content\/uploads\/2020\/07\/mycedium-406x406.jpg 406w, https:\/\/proyectos.pgiovas.com\/alfaquarium\/wp-content\/uploads\/2020\/07\/mycedium-143x143.jpg 143w, https:\/\/proyectos.pgiovas.com\/alfaquarium\/wp-content\/uploads\/2020\/07\/mycedium-400x400.jpg 400w, https:\/\/proyectos.pgiovas.com\/alfaquarium\/wp-content\/uploads\/2020\/07\/mycedium-100x100.jpg 100w, https:\/\/proyectos.pgiovas.com\/alfaquarium\/wp-content\/uploads\/2020\/07\/mycedium.jpg 500w\" sizes=\"(max-width: 300px) 100vw, 300px\" \/><\/p><p><strong>Nombre cient\u00edfico:<\/strong> Mycedium sp<br \/><strong>Nombre com\u00fan en ingl\u00e9s:<\/strong> Elephant nose, peacock, chinese lettuce coral<br \/><strong>Nombre com\u00fan en espa\u00f1ol:<\/strong> Mycedium, nariz de elefante, pavo real, coral lechuga china<br \/><strong>Familia:<\/strong> Pectiniidae<br \/><strong>Origen:<\/strong> Indo Pac\u00edfico<br \/><strong>Par\u00e1metros ideales:<\/strong><br \/><strong>Salinidad:<\/strong> 1023 a 1025<br \/><strong>Temperatura:<\/strong> 23 a 26\u00ba C<br \/><strong>Calcio:<\/strong> 400 a 450 ppm<br \/><strong>Alcalinidad:<\/strong> 8 a 12 dKH<br \/><strong>Magnesio:<\/strong> 1200 a 1350<br \/><strong>Estroncio:<\/strong> 8 a 10<br \/><strong>PH:<\/strong> 8.10 a 8.40<\/p><p><strong>Informaci\u00f3n, cuidados y curiosidades: <\/strong>El Myecedium sp no solamente es uno de los m\u00e1s f\u00e1ciles de mantener de la familia Pectiniidae. Su apariencia es hermosa, lo que lo hace un coral muy popular entre los acuaristas. Sus protuberancias parecen naricitas al rev\u00e9s y, en especimenes muy coloridos, ojitos verdes. El coral crece en forma plana o de plato, generalmente orientado en posici\u00f3n vertical. Aunque en la naturaleza este coral es gris (de all\u00ed el nombre que recibe, nariz de elefante), los ejemplares cultivados son extremadamente coloridos. Pueden ser gris claro u oscuro, caf\u00e9, verde, amarillo, rosa, rojo, azul y de muchos colores m\u00e1s.<\/p><p>Al ubicarlo en nuestro acuario, debe ser colocado en posici\u00f3n vertical, en un sitio con corriente de agua moderada a alta, y requiere iluminaci\u00f3n de moderada a intensa.<\/p><p>Como los dem\u00e1s corales SPS (Small Polyp Stony), obtiene parte de los nutrientes que necesita de sus zooxantelas simbiontes, pero tambi\u00e9n debe ser alimentado dos o tres veces a la semana con cyclop eeze, micro plankton o alg\u00fan alimento comercial. De preferencia debe alimentarse por las noches, que es cuando extrude sus tent\u00e1culos, para cazar su comida. Estos tent\u00e1culos poseen nematocistos irritantes, lo que lo hace un coral agresivo. Por esto mismo, debe ser situado a prudente distancia de los dem\u00e1s corales, para evitar que los irrite, queme o mate. Es muy posible que la presencia de este coral inhiba el crecimiento de corales blandos en el acuario, a\u00fan no se sabe por qu\u00e9.<\/p><p>Tambi\u00e9n requiere adiciones constantes de elementos traza tales como magnesio, estroncio, carbonatos, calcio y dem\u00e1s para desarrollar su esqueleto, crecer y mantenerse sano.<\/p><p>Aunque es un coral moderadamente f\u00e1cil de mantener, no se recomienda para aquellos que apenas inician o no tienen un acuario perfectamente maduro y establecido.<\/p><p><em><strong>Fuentes del art\u00edculo:<\/strong><\/em><\/p><p><em><strong>Animal world\u00a0<\/strong><\/em><\/p><p><em><strong>Origen de la imagen:<\/strong><\/em><\/p><p><em><strong>http:\/\/www.tjorvar.is<\/strong><\/em><\/p><p><em><strong>Colaboraci\u00f3n de:<\/strong><\/em><\/p><p><em><strong>Jessica Romero Saldivar (AtOmIcFaRt)<\/strong><\/em><\/p>\t\t\t\t\t\t\t\t<\/div>\n\t\t\t\t<\/div>\n\t\t\t\t\t<\/div>\n\t\t<\/div>\n\t\t\t\t\t<\/div>\n\t\t<\/section>\n\t\t\t\t<\/div>\n\t\t","protected":false},"excerpt":{"rendered":"<p>Mycedium Nombre cient\u00edfico: Mycedium spNombre com\u00fan en ingl\u00e9s: Elephant nose, peacock, chinese lettuce coralNombre com\u00fan en espa\u00f1ol: Mycedium, nariz de elefante, pavo real, coral lechuga chinaFamilia: PectiniidaeOrigen: Indo Pac\u00edficoPar\u00e1metros ideales:Salinidad: 1023 a 1025Temperatura: 23 a&hellip;<\/p>\n","protected":false},"author":4,"featured_media":0,"parent":0,"menu_order":0,"comment_status":"closed","ping_status":"closed","template":"","meta":{"footnotes":""},"class_list":["post-3113","page","type-page","status-publish","hentry"],"_links":{"self":[{"href":"https:\/\/proyectos.pgiovas.com\/alfaquarium\/wp-json\/wp\/v2\/pages\/3113","targetHints":{"allow":["GET"]}}],"collection":[{"href":"https:\/\/proyectos.pgiovas.com\/alfaquarium\/wp-json\/wp\/v2\/pages"}],"about":[{"href":"https:\/\/proyectos.pgiovas.com\/alfaquarium\/wp-json\/wp\/v2\/types\/page"}],"author":[{"embeddable":true,"href":"https:\/\/proyectos.pgiovas.com\/alfaquarium\/wp-json\/wp\/v2\/users\/4"}],"replies":[{"embeddable":true,"href":"https:\/\/proyectos.pgiovas.com\/alfaquarium\/wp-json\/wp\/v2\/comments?post=3113"}],"version-history":[{"count":2,"href":"https:\/\/proyectos.pgiovas.com\/alfaquarium\/wp-json\/wp\/v2\/pages\/3113\/revisions"}],"predecessor-version":[{"id":3116,"href":"https:\/\/proyectos.pgiovas.com\/alfaquarium\/wp-json\/wp\/v2\/pages\/3113\/revisions\/3116"}],"wp:attachment":[{"href":"https:\/\/proyectos.pgiovas.com\/alfaquarium\/wp-json\/wp\/v2\/media?parent=3113"}],"curies":[{"name":"wp","href":"https:\/\/api.w.org\/{rel}","templated":true}]}}