{"id":3074,"date":"2020-08-11T01:51:03","date_gmt":"2020-08-11T01:51:03","guid":{"rendered":"http:\/\/alfaquarium.mx\/?page_id=3074"},"modified":"2020-08-11T01:56:45","modified_gmt":"2020-08-11T01:56:45","slug":"galaxea-sp","status":"publish","type":"page","link":"https:\/\/proyectos.pgiovas.com\/alfaquarium\/galaxea-sp","title":{"rendered":"Galaxea Sp"},"content":{"rendered":"\t\t<div data-elementor-type=\"wp-page\" data-elementor-id=\"3074\" class=\"elementor elementor-3074\">\n\t\t\t\t\t\t<section class=\"elementor-section elementor-top-section elementor-element elementor-element-28512bd elementor-section-boxed elementor-section-height-default elementor-section-height-default\" data-id=\"28512bd\" data-element_type=\"section\" data-e-type=\"section\">\n\t\t\t\t\t\t<div class=\"elementor-container elementor-column-gap-default\">\n\t\t\t\t\t<div class=\"elementor-column elementor-col-100 elementor-top-column elementor-element elementor-element-cdb28f3\" data-id=\"cdb28f3\" data-element_type=\"column\" data-e-type=\"column\">\n\t\t\t<div class=\"elementor-widget-wrap elementor-element-populated\">\n\t\t\t\t\t\t<div class=\"elementor-element elementor-element-b59d74a elementor-widget elementor-widget-heading\" data-id=\"b59d74a\" data-element_type=\"widget\" data-e-type=\"widget\" data-widget_type=\"heading.default\">\n\t\t\t\t<div class=\"elementor-widget-container\">\n\t\t\t\t\t<h3 class=\"elementor-heading-title elementor-size-default\">Galaxea Sp<\/h3>\t\t\t\t<\/div>\n\t\t\t\t<\/div>\n\t\t\t\t<div class=\"elementor-element elementor-element-f188b16 elementor-widget elementor-widget-spacer\" data-id=\"f188b16\" data-element_type=\"widget\" data-e-type=\"widget\" data-widget_type=\"spacer.default\">\n\t\t\t\t<div class=\"elementor-widget-container\">\n\t\t\t\t\t\t\t<div class=\"elementor-spacer\">\n\t\t\t<div class=\"elementor-spacer-inner\"><\/div>\n\t\t<\/div>\n\t\t\t\t\t\t<\/div>\n\t\t\t\t<\/div>\n\t\t\t\t<div class=\"elementor-element elementor-element-0aa1559 elementor-widget-divider--separator-type-pattern elementor-widget-divider--view-line elementor-widget elementor-widget-divider\" data-id=\"0aa1559\" data-element_type=\"widget\" data-e-type=\"widget\" data-widget_type=\"divider.default\">\n\t\t\t\t<div class=\"elementor-widget-container\">\n\t\t\t\t\t\t\t<div class=\"elementor-divider\" style=\"--divider-pattern-url: url(&quot;data:image\/svg+xml,%3Csvg xmlns=&#039;http:\/\/www.w3.org\/2000\/svg&#039; preserveAspectRatio=&#039;none&#039; overflow=&#039;visible&#039; height=&#039;100%&#039; viewBox=&#039;0 0 24 24&#039; fill=&#039;none&#039; stroke=&#039;black&#039; stroke-width=&#039;7&#039; stroke-linecap=&#039;square&#039; stroke-miterlimit=&#039;10&#039;%3E%3Cpath d=&#039;M0,6c6,0,6,13,12,13S18,6,24,6&#039;\/%3E%3C\/svg%3E&quot;);\">\n\t\t\t<span class=\"elementor-divider-separator\">\n\t\t\t\t\t\t<\/span>\n\t\t<\/div>\n\t\t\t\t\t\t<\/div>\n\t\t\t\t<\/div>\n\t\t\t\t<div class=\"elementor-element elementor-element-981186c elementor-widget elementor-widget-text-editor\" data-id=\"981186c\" data-element_type=\"widget\" data-e-type=\"widget\" data-widget_type=\"text-editor.default\">\n\t\t\t\t<div class=\"elementor-widget-container\">\n\t\t\t\t\t\t\t\t\t<p><img fetchpriority=\"high\" decoding=\"async\" class=\"size-medium wp-image-1172 alignleft\" src=\"https:\/\/proyectos.pgiovas.com\/alfaquarium\/wp-content\/uploads\/2020\/07\/galaxea_sp-300x300.jpg\" alt=\"\" width=\"300\" height=\"300\" srcset=\"https:\/\/proyectos.pgiovas.com\/alfaquarium\/wp-content\/uploads\/2020\/07\/galaxea_sp-300x300.jpg 300w, https:\/\/proyectos.pgiovas.com\/alfaquarium\/wp-content\/uploads\/2020\/07\/galaxea_sp-150x150.jpg 150w, https:\/\/proyectos.pgiovas.com\/alfaquarium\/wp-content\/uploads\/2020\/07\/galaxea_sp-370x370.jpg 370w, https:\/\/proyectos.pgiovas.com\/alfaquarium\/wp-content\/uploads\/2020\/07\/galaxea_sp-90x90.jpg 90w, https:\/\/proyectos.pgiovas.com\/alfaquarium\/wp-content\/uploads\/2020\/07\/galaxea_sp-406x406.jpg 406w, https:\/\/proyectos.pgiovas.com\/alfaquarium\/wp-content\/uploads\/2020\/07\/galaxea_sp-143x143.jpg 143w, https:\/\/proyectos.pgiovas.com\/alfaquarium\/wp-content\/uploads\/2020\/07\/galaxea_sp-400x400.jpg 400w, https:\/\/proyectos.pgiovas.com\/alfaquarium\/wp-content\/uploads\/2020\/07\/galaxea_sp-100x100.jpg 100w, https:\/\/proyectos.pgiovas.com\/alfaquarium\/wp-content\/uploads\/2020\/07\/galaxea_sp.jpg 500w\" sizes=\"(max-width: 300px) 100vw, 300px\" \/><\/p><p><strong>Nombre cient\u00edfico:<\/strong> Galaxea sp<br \/><strong>Nombre com\u00fan en ingl\u00e9s:<\/strong> Galaxy coral<br \/><strong>Nombre com\u00fan en espa\u00f1ol:<\/strong> Coral galaxea<br \/><strong>Familia:<\/strong> Oculinidae<br \/>Origen: Indo Pac\u00edfico<br \/><strong>Par\u00e1metros ideales:<\/strong><br \/><strong>Salinidad:<\/strong> 1023 a 1025<br \/><strong>Temperatura:<\/strong> 23 a 26\u00ba C<br \/><strong>Calcio:<\/strong> 400 a 450 ppm<br \/><strong>Alcalinidad:<\/strong> 8 a 12 dKH<br \/><strong>Magnesio:<\/strong> 1200 a 1350<br \/><strong>Estroncio:<\/strong> 8 a 10<br \/><strong>PH:<\/strong> 8.10 a 8.40<\/p><p><strong>Informaci\u00f3n, cuidados y curiosidades: <\/strong>Los corales Galaxea fueron descritos por primera vez por Linnaeus en 1767. La familia Oculinidae, a la cual pertenecen estos corales, fue establecida por Gray en 1847. El g\u00e9nero Galaxea se atribuye a Oken, en 1815. Existen alrededor de 24 especies conocidas, de las cuales alrededor de 16 son especies y subespecies v\u00e1lidas, de las cuales dos provienen de los alrededores de Australia. Algunas de ellas son G. Archelia, G. Alta, G. Astreata, G. Clavus, G. Cryptoramosa, G. Excelsa, G. Fascicularis, G. Fragilis, G. Hexagonalis, G. Horrescens, G. Irregularis, G. Lamarcki, G. Longisepta, G. Musicalis y G. Paucisepta. Estos corales generalmente son importados de Indonesia y han sido propagados en cautiverio. Estos corales viven en el Mar Rojo, la costa este de \u00c1frica, alrededor de Madagascar y las Islas Mauritius, las costas oeste, norte y este, incluyendo la Gran Barrera de Arrecifes, el Mar de Coral, las islas Houtman Abrolhos y la extensi\u00f3n del Arrecife Nigaloo. De all\u00ed, contin\u00faa al este de Nueva Caledonia a las islas Pitcairn, expandi\u00e9ndose al noroeste de las islas Tuamotu, las islas Line y la punta sureste de Jap\u00f3n. Tambi\u00e9n desde Indonesia a Sri Lanka y la costa oeste de la India. Vive en profundidades que van de los 3 a los 25 metros, en \u00e1reas del arrecife protegidas de las fuertes olas. Son comunes en muchos ambientes, y a menudo dominan algunas partes del arrecife, en los que no crece ning\u00fan otro coral. El G. Fascicularis posee nematocistos con un t\u00f3xico muy potente que le ayuda a capturar presas peque\u00f1as y a defenderse de sus depredadores<\/p><p>Son corales LPS muy populares. Tienen un esqueleto delicado y fr\u00e1gil, pero son corales bastante atractivos. Sus p\u00f3lipos tienen las puntas blancas, lo que les da una apariencia cristalina. Es muy curioso observar el movimiento de sus tent\u00e1culos con la corriente de agua. En la naturaleza este coral forma colonias masivas columnares e incrustantes, pero con formas que a veces incluyen espirales y ramas. Su ligero esqueleto consiste en coralites tubulares agrupados, conectados por peque\u00f1os platos ligeramente abombados. La parte exterior de sus esqueletos est\u00e1 cubierta de tejido. Esto hace que su estructura sea delicada y f\u00e1cil de romper, por lo que debe ser manejado con mucho cuidado. Los colores en que este coral puede ser encontrado son rosa, verde, rojo, caf\u00e9 o gris, y tambi\u00e9n combinaciones de estos colores. Los tent\u00e1culos exteriores que se extienden desde cada coralite tienden a ser m\u00e1s claros o transl\u00facidos, mientras que los del centro suelen ser m\u00e1s opacos. A menudo estos tent\u00e1culos tienen las puntas blancas, o a veces variaciones m\u00e1s claras de los colores del coral. El tama\u00f1o de los p\u00f3lipos puede ser de alrededor de 6 mm de di\u00e1metro. A menudo extiende sus tent\u00e1culos durante el d\u00eda.<\/p><p>Estos corales pueden ser de moderados a f\u00e1ciles de mantener, especialmente si son ejemplares reproducidos en cautiverio. Debido a la delicadeza y fragilidad de su esqueleto, los ejemplares importados pueden sufrir bastante da\u00f1o, lo que puede llevarlos a una severa infecci\u00f3n. Sin embargo, los corales importados traen muchas criaturas comensales que viven entre los p\u00f3lipos, como cangrejos, mejillones, esponjas y camarones. Es un privilegio poder adquirir un coral con estas criaturas comensales. Para estar sano y contento, este coral necesita una buena iluminaci\u00f3n y movimiento de agua de bajo a moderado. Los esqueletos de corales son sus bases favoritas y se incrustar\u00e1n en ellos. Puede extender unos largos tent\u00e1culos para cazar su comida, de m\u00e1s de 30 cm de largo, que tienen nematocistos con un potente t\u00f3xico. Mantener la corriente de agua baja ayudar\u00e1 a minimizar la longitud de estos tent\u00e1culos. Mantenerlo bien alimentado tambi\u00e9n es una buena manera de evitar que busque alimento con esos tent\u00e1culos. Hay que procurarle suficiente espacio libre alrededor para evitar que queme o irrite a otros corales, y para que pueda crecer a gusto.<\/p><p>Los corales Galaxea han desarrollado varias estrategias para alimentarse. A trav\u00e9s de una relaci\u00f3n simbi\u00f3tica con las algas zooxantelas reciben la mayor\u00eda de los nutrientes que necesitan. Tambi\u00e9n capturan organismos planct\u00f3nicos, part\u00edculas alimenticias en suspensi\u00f3n y pueden absorber materia org\u00e1nica disuelta en el agua. En cautiverio, deben ser alimentados con alimento especial para organismos filtrantes, trocitos muy peque\u00f1os de camar\u00f3n, calamar, pescado o carne de cangrejo, mysis, cyclop eeze y alimentos de tama\u00f1o similar. Hay que alimentarlos cuando extienden sus tent\u00e1culos. Necesitan estar en un acuario perfectamente maduro y establecido, con muchas rocas vivas y algunos peces que le proporcionen materia org\u00e1nica disuelta. Requiere de un movimiento de agua de bajo a moderado e iluminaci\u00f3n moderada. Hay que tener mucho cuidado al ubicarlo en el acuario pues debe tener al menos 30 cm libres alrededor, para que no queme o irrite a otros corales. Este coral es propenso a las infecciones por protozoarios, necrosis y recesi\u00f3n de tejido. Todos ellos pueden prevenirse al adquirir un ejemplar sano. Otros problemas pueden presentarse si se acumulan detritos en la colonia o si su esqueleto se rompe y desgarra su tejido.<\/p><p><em><strong>Fuentes del art\u00edculo:<\/strong><\/em><\/p><p><em><strong>Animal World y Pet education\u00a0<\/strong><\/em><\/p><p><em><strong>Origen de la imagen:<\/strong><\/em><\/p><p><em><strong>http:\/\/www.dallepinneallepenne.com<\/strong><\/em><\/p><p><em><strong>Colaboraci\u00f3n de:<\/strong><\/em><\/p><p><em><strong>Jessica Romero Saldivar (AtOmIcFaRt)<\/strong><\/em><\/p>\t\t\t\t\t\t\t\t<\/div>\n\t\t\t\t<\/div>\n\t\t\t\t\t<\/div>\n\t\t<\/div>\n\t\t\t\t\t<\/div>\n\t\t<\/section>\n\t\t\t\t<\/div>\n\t\t","protected":false},"excerpt":{"rendered":"<p>Galaxea Sp Nombre cient\u00edfico: Galaxea spNombre com\u00fan en ingl\u00e9s: Galaxy coralNombre com\u00fan en espa\u00f1ol: Coral galaxeaFamilia: OculinidaeOrigen: Indo Pac\u00edficoPar\u00e1metros ideales:Salinidad: 1023 a 1025Temperatura: 23 a 26\u00ba CCalcio: 400 a 450 ppmAlcalinidad: 8 a 12 dKHMagnesio:&hellip;<\/p>\n","protected":false},"author":4,"featured_media":0,"parent":0,"menu_order":0,"comment_status":"closed","ping_status":"closed","template":"","meta":{"footnotes":""},"class_list":["post-3074","page","type-page","status-publish","hentry"],"_links":{"self":[{"href":"https:\/\/proyectos.pgiovas.com\/alfaquarium\/wp-json\/wp\/v2\/pages\/3074","targetHints":{"allow":["GET"]}}],"collection":[{"href":"https:\/\/proyectos.pgiovas.com\/alfaquarium\/wp-json\/wp\/v2\/pages"}],"about":[{"href":"https:\/\/proyectos.pgiovas.com\/alfaquarium\/wp-json\/wp\/v2\/types\/page"}],"author":[{"embeddable":true,"href":"https:\/\/proyectos.pgiovas.com\/alfaquarium\/wp-json\/wp\/v2\/users\/4"}],"replies":[{"embeddable":true,"href":"https:\/\/proyectos.pgiovas.com\/alfaquarium\/wp-json\/wp\/v2\/comments?post=3074"}],"version-history":[{"count":2,"href":"https:\/\/proyectos.pgiovas.com\/alfaquarium\/wp-json\/wp\/v2\/pages\/3074\/revisions"}],"predecessor-version":[{"id":3077,"href":"https:\/\/proyectos.pgiovas.com\/alfaquarium\/wp-json\/wp\/v2\/pages\/3074\/revisions\/3077"}],"wp:attachment":[{"href":"https:\/\/proyectos.pgiovas.com\/alfaquarium\/wp-json\/wp\/v2\/media?parent=3074"}],"curies":[{"name":"wp","href":"https:\/\/api.w.org\/{rel}","templated":true}]}}