{"id":3047,"date":"2020-08-11T01:03:31","date_gmt":"2020-08-11T01:03:31","guid":{"rendered":"http:\/\/alfaquarium.mx\/?page_id=3047"},"modified":"2020-08-11T01:14:21","modified_gmt":"2020-08-11T01:14:21","slug":"favia-sp","status":"publish","type":"page","link":"https:\/\/proyectos.pgiovas.com\/alfaquarium\/favia-sp","title":{"rendered":"Favia Sp"},"content":{"rendered":"\t\t<div data-elementor-type=\"wp-page\" data-elementor-id=\"3047\" class=\"elementor elementor-3047\">\n\t\t\t\t\t\t<section class=\"elementor-section elementor-top-section elementor-element elementor-element-d620df0 elementor-section-boxed elementor-section-height-default elementor-section-height-default\" data-id=\"d620df0\" data-element_type=\"section\" data-e-type=\"section\">\n\t\t\t\t\t\t<div class=\"elementor-container elementor-column-gap-default\">\n\t\t\t\t\t<div class=\"elementor-column elementor-col-100 elementor-top-column elementor-element elementor-element-3a7ced6\" data-id=\"3a7ced6\" data-element_type=\"column\" data-e-type=\"column\">\n\t\t\t<div class=\"elementor-widget-wrap elementor-element-populated\">\n\t\t\t\t\t\t<div class=\"elementor-element elementor-element-0379c1d elementor-widget elementor-widget-heading\" data-id=\"0379c1d\" data-element_type=\"widget\" data-e-type=\"widget\" data-widget_type=\"heading.default\">\n\t\t\t\t<div class=\"elementor-widget-container\">\n\t\t\t\t\t<h3 class=\"elementor-heading-title elementor-size-default\">Favia Sp<\/h3>\t\t\t\t<\/div>\n\t\t\t\t<\/div>\n\t\t\t\t<div class=\"elementor-element elementor-element-c137a70 elementor-widget elementor-widget-spacer\" data-id=\"c137a70\" data-element_type=\"widget\" data-e-type=\"widget\" data-widget_type=\"spacer.default\">\n\t\t\t\t<div class=\"elementor-widget-container\">\n\t\t\t\t\t\t\t<div class=\"elementor-spacer\">\n\t\t\t<div class=\"elementor-spacer-inner\"><\/div>\n\t\t<\/div>\n\t\t\t\t\t\t<\/div>\n\t\t\t\t<\/div>\n\t\t\t\t<div class=\"elementor-element elementor-element-24bb0ef elementor-widget-divider--separator-type-pattern elementor-widget-divider--view-line elementor-widget elementor-widget-divider\" data-id=\"24bb0ef\" data-element_type=\"widget\" data-e-type=\"widget\" data-widget_type=\"divider.default\">\n\t\t\t\t<div class=\"elementor-widget-container\">\n\t\t\t\t\t\t\t<div class=\"elementor-divider\" style=\"--divider-pattern-url: url(&quot;data:image\/svg+xml,%3Csvg xmlns=&#039;http:\/\/www.w3.org\/2000\/svg&#039; preserveAspectRatio=&#039;none&#039; overflow=&#039;visible&#039; height=&#039;100%&#039; viewBox=&#039;0 0 24 24&#039; fill=&#039;none&#039; stroke=&#039;black&#039; stroke-width=&#039;7&#039; stroke-linecap=&#039;square&#039; stroke-miterlimit=&#039;10&#039;%3E%3Cpath d=&#039;M0,6c6,0,6,13,12,13S18,6,24,6&#039;\/%3E%3C\/svg%3E&quot;);\">\n\t\t\t<span class=\"elementor-divider-separator\">\n\t\t\t\t\t\t<\/span>\n\t\t<\/div>\n\t\t\t\t\t\t<\/div>\n\t\t\t\t<\/div>\n\t\t\t\t<div class=\"elementor-element elementor-element-0584eef elementor-widget elementor-widget-text-editor\" data-id=\"0584eef\" data-element_type=\"widget\" data-e-type=\"widget\" data-widget_type=\"text-editor.default\">\n\t\t\t\t<div class=\"elementor-widget-container\">\n\t\t\t\t\t\t\t\t\t<p><img fetchpriority=\"high\" decoding=\"async\" class=\"size-medium wp-image-1168 alignleft\" src=\"https:\/\/proyectos.pgiovas.com\/alfaquarium\/wp-content\/uploads\/2020\/07\/favia_sp-300x300.jpg\" alt=\"\" width=\"300\" height=\"300\" srcset=\"https:\/\/proyectos.pgiovas.com\/alfaquarium\/wp-content\/uploads\/2020\/07\/favia_sp-300x300.jpg 300w, https:\/\/proyectos.pgiovas.com\/alfaquarium\/wp-content\/uploads\/2020\/07\/favia_sp-150x150.jpg 150w, https:\/\/proyectos.pgiovas.com\/alfaquarium\/wp-content\/uploads\/2020\/07\/favia_sp-370x370.jpg 370w, https:\/\/proyectos.pgiovas.com\/alfaquarium\/wp-content\/uploads\/2020\/07\/favia_sp-90x90.jpg 90w, https:\/\/proyectos.pgiovas.com\/alfaquarium\/wp-content\/uploads\/2020\/07\/favia_sp-406x406.jpg 406w, https:\/\/proyectos.pgiovas.com\/alfaquarium\/wp-content\/uploads\/2020\/07\/favia_sp-143x143.jpg 143w, https:\/\/proyectos.pgiovas.com\/alfaquarium\/wp-content\/uploads\/2020\/07\/favia_sp-400x400.jpg 400w, https:\/\/proyectos.pgiovas.com\/alfaquarium\/wp-content\/uploads\/2020\/07\/favia_sp-100x100.jpg 100w, https:\/\/proyectos.pgiovas.com\/alfaquarium\/wp-content\/uploads\/2020\/07\/favia_sp.jpg 500w\" sizes=\"(max-width: 300px) 100vw, 300px\" \/><\/p><p><strong>Nombre cient\u00edfico:<\/strong> Favia sp<br \/><strong>Nombre com\u00fan en ingl\u00e9s:<\/strong> Favia coral<br \/><strong>Nombre com\u00fan en espa\u00f1ol:<\/strong> Coral favia<br \/><strong>Familia:<\/strong> Faviidae<br \/><strong>Origen:<\/strong> Indo Pac\u00edfico<br \/><strong>Par\u00e1metros ideales:<\/strong><br \/><strong>Salinidad:<\/strong> 1023 a 1025<br \/><strong>Temperatura:<\/strong> 23 a 26\u00ba C<br \/><strong>Calcio:<\/strong> 400 a 450 ppm<br \/><strong>Alcalinidad:<\/strong> 8 a 12 dKH<br \/><strong>Magnesio:<\/strong> 1200 a 1350<br \/><strong>Estroncio:<\/strong> 8 a 10<br \/><strong>PH:<\/strong> 8.10 a 8.40<\/p><p><strong>Informaci\u00f3n, cuidados y curiosidades:<\/strong><\/p><p>El coral Favia sp es \u00fanico y sus p\u00f3lipos poseen copas que puede contraer o expandir muy r\u00e1pido. Sus p\u00f3lipos son carnosos y si son tocados por ejemplo por erizos, peces e incluso gusanos, responder\u00e1n agresivamente. Estos corales generalmente viven en \u00e1reas del Oc\u00e9ano donde hay muy pocas formas de vida, el agua es muy turbia y no tiene muy buena calidad. Con una forma redondeada, muchos de ellos parecen un bal\u00f3n partido a la mitad. Son muy f\u00e1ciles de reconocer, a excepci\u00f3n de su pariente el coral Favites, que es muy similar pero est\u00e1 clasificado como un coral diferente.<\/p><p>Debido a que este coral proviene generalmente de \u00e1reas en la que la calidad del agua no es muy buena que digamos, no es tan demandante\u00a0 como otros y vivir\u00e1 perfectamente en cautiverio. Ciertamente puede ser considerado un coral para principiantes. Esto es muy interesante puesto que no hay muchos corales como \u00e9l. Pero esto no quiere decir que no necesite ning\u00fan cuidado. S\u00ed que los necesita, como cualquier otro coral. Se recomienda prestarle atenci\u00f3n a la luz y a su nutrici\u00f3n. Esto tampoco quiere decir que se pueda descuidar la calidad del agua del acuario. En la naturaleza generalmente vive a profundidades que van de los 25 a los 30 pies, por lo que no est\u00e1 habituado a recibir iluminaci\u00f3n intensa. Al colocar este coral en el acuario, debe ubicarse en donde est\u00e9 protegido de la iluminaci\u00f3n intensa e irlo foto aclimatando muy lentamente. Su pigmentaci\u00f3n es un buen indicador. Si est\u00e1 muy pigmentado se est\u00e1 protegiendo de los rayos UV. Los especimenes pigmentados de verde son m\u00e1s resistentes a la iluminaci\u00f3n intensa. De todos modos, este coral siempre debe foto aclimatarse para que no tenga ning\u00fan problema.<\/p><p>Es un coral filtrante, por lo que debe ser alimentado con micro plancton o alg\u00fan alimento comercial especial para corales filtrantes. En la naturaleza se alimenta generalmente por la noche, aunque puede \u201centrenarse\u201d para que se alimente durante el d\u00eda. Tambi\u00e9n debe ponerse especial atenci\u00f3n en mantener los niveles de calcio, magnesio, estroncio y otros \u00f3ptimos, que la corriente de agua sea de moderada a fuerte y turbulenta. Posee nematocistos en sus tent\u00e1culos, que pueden producir una fuerte irritaci\u00f3n o quemadura, por lo que debe ser mantenido a buena distancia de los dem\u00e1s corales e invertebrados, e incluso lejos de otros corales Favia sp. En la naturaleza vive en zonas en donde generalmente no hay ning\u00fan otro organismo. Se cree que se debe al hecho de que este coral puede sobrevivir en aguas en donde ning\u00fan otro coral podr\u00eda hacerlo. Pero tambi\u00e9n est\u00e1 el hecho de que estos corales quemar\u00e1n e irritar\u00e1n a todo lo que tengan cerca y le impedir\u00e1n crecer y desarrollarse. Pero existen organismos que pueden da\u00f1ar a este coral: Gusanos de fuego, ciertos camarones y algunos peces \u00e1ngel.<\/p><p>El coral Favia sp es una excelente opci\u00f3n para embellecer el acuario. Son f\u00e1ciles de mantener y no son demasiado demandantes. Manteniendo fuera del acuario a cualquier animal que pudiera depredarlo o da\u00f1arlo y aliment\u00e1ndolo frecuentemente, este coral estar\u00e1 feliz.<\/p><p><em><strong>Fuentes del art\u00edculo:<\/strong><\/em><\/p><p><em><strong>Net pets y Animal world\u00a0<\/strong><\/em><\/p><p><em><strong>Origen de la imagen:<\/strong><\/em><\/p><p><em><strong>http:\/\/static.keebali.com\u00a0<\/strong><\/em><\/p><p><em><strong>Colaboraci\u00f3n de:<\/strong><\/em><\/p><p><em><strong>Jessica Romero Saldivar (AtOmIcFaRt)<\/strong><\/em><\/p>\t\t\t\t\t\t\t\t<\/div>\n\t\t\t\t<\/div>\n\t\t\t\t\t<\/div>\n\t\t<\/div>\n\t\t\t\t\t<\/div>\n\t\t<\/section>\n\t\t\t\t<\/div>\n\t\t","protected":false},"excerpt":{"rendered":"<p>Favia Sp Nombre cient\u00edfico: Favia spNombre com\u00fan en ingl\u00e9s: Favia coralNombre com\u00fan en espa\u00f1ol: Coral faviaFamilia: FaviidaeOrigen: Indo Pac\u00edficoPar\u00e1metros ideales:Salinidad: 1023 a 1025Temperatura: 23 a 26\u00ba CCalcio: 400 a 450 ppmAlcalinidad: 8 a 12 dKHMagnesio:&hellip;<\/p>\n","protected":false},"author":4,"featured_media":0,"parent":0,"menu_order":0,"comment_status":"closed","ping_status":"closed","template":"","meta":{"footnotes":""},"class_list":["post-3047","page","type-page","status-publish","hentry"],"_links":{"self":[{"href":"https:\/\/proyectos.pgiovas.com\/alfaquarium\/wp-json\/wp\/v2\/pages\/3047","targetHints":{"allow":["GET"]}}],"collection":[{"href":"https:\/\/proyectos.pgiovas.com\/alfaquarium\/wp-json\/wp\/v2\/pages"}],"about":[{"href":"https:\/\/proyectos.pgiovas.com\/alfaquarium\/wp-json\/wp\/v2\/types\/page"}],"author":[{"embeddable":true,"href":"https:\/\/proyectos.pgiovas.com\/alfaquarium\/wp-json\/wp\/v2\/users\/4"}],"replies":[{"embeddable":true,"href":"https:\/\/proyectos.pgiovas.com\/alfaquarium\/wp-json\/wp\/v2\/comments?post=3047"}],"version-history":[{"count":2,"href":"https:\/\/proyectos.pgiovas.com\/alfaquarium\/wp-json\/wp\/v2\/pages\/3047\/revisions"}],"predecessor-version":[{"id":3051,"href":"https:\/\/proyectos.pgiovas.com\/alfaquarium\/wp-json\/wp\/v2\/pages\/3047\/revisions\/3051"}],"wp:attachment":[{"href":"https:\/\/proyectos.pgiovas.com\/alfaquarium\/wp-json\/wp\/v2\/media?parent=3047"}],"curies":[{"name":"wp","href":"https:\/\/api.w.org\/{rel}","templated":true}]}}