{"id":2979,"date":"2020-08-10T23:19:54","date_gmt":"2020-08-10T23:19:54","guid":{"rendered":"http:\/\/alfaquarium.mx\/?page_id=2979"},"modified":"2020-08-10T23:26:00","modified_gmt":"2020-08-10T23:26:00","slug":"anthelia-spp-2","status":"publish","type":"page","link":"https:\/\/proyectos.pgiovas.com\/alfaquarium\/anthelia-spp-2","title":{"rendered":"Anthelia Spp"},"content":{"rendered":"\t\t<div data-elementor-type=\"wp-page\" data-elementor-id=\"2979\" class=\"elementor elementor-2979\">\n\t\t\t\t\t\t<section class=\"elementor-section elementor-top-section elementor-element elementor-element-0a1371d elementor-section-boxed elementor-section-height-default elementor-section-height-default\" data-id=\"0a1371d\" data-element_type=\"section\" data-e-type=\"section\">\n\t\t\t\t\t\t<div class=\"elementor-container elementor-column-gap-default\">\n\t\t\t\t\t<div class=\"elementor-column elementor-col-100 elementor-top-column elementor-element elementor-element-649716a\" data-id=\"649716a\" data-element_type=\"column\" data-e-type=\"column\">\n\t\t\t<div class=\"elementor-widget-wrap elementor-element-populated\">\n\t\t\t\t\t\t<div class=\"elementor-element elementor-element-fe37292 elementor-widget elementor-widget-heading\" data-id=\"fe37292\" data-element_type=\"widget\" data-e-type=\"widget\" data-widget_type=\"heading.default\">\n\t\t\t\t<div class=\"elementor-widget-container\">\n\t\t\t\t\t<h3 class=\"elementor-heading-title elementor-size-default\">Anthelia Spp<\/h3>\t\t\t\t<\/div>\n\t\t\t\t<\/div>\n\t\t\t\t<div class=\"elementor-element elementor-element-67262ba elementor-widget elementor-widget-spacer\" data-id=\"67262ba\" data-element_type=\"widget\" data-e-type=\"widget\" data-widget_type=\"spacer.default\">\n\t\t\t\t<div class=\"elementor-widget-container\">\n\t\t\t\t\t\t\t<div class=\"elementor-spacer\">\n\t\t\t<div class=\"elementor-spacer-inner\"><\/div>\n\t\t<\/div>\n\t\t\t\t\t\t<\/div>\n\t\t\t\t<\/div>\n\t\t\t\t<div class=\"elementor-element elementor-element-5785556 elementor-widget-divider--separator-type-pattern elementor-widget-divider--view-line elementor-widget elementor-widget-divider\" data-id=\"5785556\" data-element_type=\"widget\" data-e-type=\"widget\" data-widget_type=\"divider.default\">\n\t\t\t\t<div class=\"elementor-widget-container\">\n\t\t\t\t\t\t\t<div class=\"elementor-divider\" style=\"--divider-pattern-url: url(&quot;data:image\/svg+xml,%3Csvg xmlns=&#039;http:\/\/www.w3.org\/2000\/svg&#039; preserveAspectRatio=&#039;none&#039; overflow=&#039;visible&#039; height=&#039;100%&#039; viewBox=&#039;0 0 24 24&#039; fill=&#039;none&#039; stroke=&#039;black&#039; stroke-width=&#039;7&#039; stroke-linecap=&#039;square&#039; stroke-miterlimit=&#039;10&#039;%3E%3Cpath d=&#039;M0,6c6,0,6,13,12,13S18,6,24,6&#039;\/%3E%3C\/svg%3E&quot;);\">\n\t\t\t<span class=\"elementor-divider-separator\">\n\t\t\t\t\t\t<\/span>\n\t\t<\/div>\n\t\t\t\t\t\t<\/div>\n\t\t\t\t<\/div>\n\t\t\t\t<div class=\"elementor-element elementor-element-623ff2a elementor-widget elementor-widget-text-editor\" data-id=\"623ff2a\" data-element_type=\"widget\" data-e-type=\"widget\" data-widget_type=\"text-editor.default\">\n\t\t\t\t<div class=\"elementor-widget-container\">\n\t\t\t\t\t\t\t\t\t<p><img decoding=\"async\" class=\"size-full wp-image-1104 alignleft\" src=\"https:\/\/proyectos.pgiovas.com\/alfaquarium\/wp-content\/uploads\/2020\/07\/Anthelia-spp.png\" alt=\"\" width=\"208\" height=\"187\" \/><\/p><p><strong>Nombre cient\u00edfico:<\/strong> Anthelia spp.<br \/><strong>Nombre com\u00fan en ingl\u00e9s:<\/strong> Waving Hand Corals<br \/><strong>Nombre com\u00fan es espa\u00f1ol:<\/strong> Coral Anthelia<br \/><strong>Tama\u00f1o m\u00e1ximo:<\/strong> Las colonias pueden alcanzar 12 pulgadas (30 cm) de altura.<br \/><strong>Extensi\u00f3n:<\/strong> Indo Pac\u00edfico<br \/><strong>Tama\u00f1o m\u00ednimo de acuario:<\/strong> Tanques peque\u00f1os, 10 galones (38 lts) o m\u00e1s.<br \/><strong>Iluminaci\u00f3n:<\/strong> Requiere iluminaci\u00f3n brillante.<\/p><p><strong>Alimento y Alimentaci\u00f3n:<\/strong> Zooxantela, pero necesitar\u00e1 ser alimentado con alimentos como nauplios de <strong><em>Artemia<\/em>,<\/strong> rot\u00edferos o alimentos congelados disueltos que se dispersen para formar part\u00edculas finas en el agua.<\/p><p><strong>Conveniencia y Compatibilidad con el acuario de arrecife:<\/strong> Le va moderadamente bien en acuarios de arrecife. No es particularmente agresivo, pero puede sobre crecer animales inm\u00f3viles.<\/p><p><strong>Cuidado Cautivo:<\/strong> Prefiere corrientes moderadamente fuertes. Su dieta en la naturaleza no est\u00e1 clara, pero es probable que necesiten microplancton peque\u00f1o para prosperar. Las especies de <strong><em>Anthelia<\/em><\/strong> tienen p\u00f3lipos relativamente grandes y robustos que provienen de una colonia basal com\u00fan. Los p\u00f3lipos en algunas especies pueden ser tan peque\u00f1os como de 5 mm de di\u00e1metro, pero la mayor\u00eda son m\u00e1s grandes. Como con todos los octocorales, los p\u00f3lipos tienen tent\u00e1culos pinados; este patr\u00f3n de ramificaci\u00f3n es particularmente visible en las especies de <em>Anthelia<\/em> y sirve como una caracter\u00edstica distintiva. En particular, las ramas laterales de los tent\u00e1culos son menos, m\u00e1s grandes y algo m\u00e1s cortas que en otros corales blandos.<\/p>\t\t\t\t\t\t\t\t<\/div>\n\t\t\t\t<\/div>\n\t\t\t\t\t<\/div>\n\t\t<\/div>\n\t\t\t\t\t<\/div>\n\t\t<\/section>\n\t\t\t\t<\/div>\n\t\t","protected":false},"excerpt":{"rendered":"<p>Anthelia Spp Nombre cient\u00edfico: Anthelia spp.Nombre com\u00fan en ingl\u00e9s: Waving Hand CoralsNombre com\u00fan es espa\u00f1ol: Coral AntheliaTama\u00f1o m\u00e1ximo: Las colonias pueden alcanzar 12 pulgadas (30 cm) de altura.Extensi\u00f3n: Indo Pac\u00edficoTama\u00f1o m\u00ednimo de acuario: Tanques peque\u00f1os,&hellip;<\/p>\n","protected":false},"author":4,"featured_media":0,"parent":0,"menu_order":0,"comment_status":"closed","ping_status":"closed","template":"","meta":{"footnotes":""},"class_list":["post-2979","page","type-page","status-publish","hentry"],"_links":{"self":[{"href":"https:\/\/proyectos.pgiovas.com\/alfaquarium\/wp-json\/wp\/v2\/pages\/2979","targetHints":{"allow":["GET"]}}],"collection":[{"href":"https:\/\/proyectos.pgiovas.com\/alfaquarium\/wp-json\/wp\/v2\/pages"}],"about":[{"href":"https:\/\/proyectos.pgiovas.com\/alfaquarium\/wp-json\/wp\/v2\/types\/page"}],"author":[{"embeddable":true,"href":"https:\/\/proyectos.pgiovas.com\/alfaquarium\/wp-json\/wp\/v2\/users\/4"}],"replies":[{"embeddable":true,"href":"https:\/\/proyectos.pgiovas.com\/alfaquarium\/wp-json\/wp\/v2\/comments?post=2979"}],"version-history":[{"count":3,"href":"https:\/\/proyectos.pgiovas.com\/alfaquarium\/wp-json\/wp\/v2\/pages\/2979\/revisions"}],"predecessor-version":[{"id":2984,"href":"https:\/\/proyectos.pgiovas.com\/alfaquarium\/wp-json\/wp\/v2\/pages\/2979\/revisions\/2984"}],"wp:attachment":[{"href":"https:\/\/proyectos.pgiovas.com\/alfaquarium\/wp-json\/wp\/v2\/media?parent=2979"}],"curies":[{"name":"wp","href":"https:\/\/api.w.org\/{rel}","templated":true}]}}