{"id":2964,"date":"2020-08-10T22:21:01","date_gmt":"2020-08-10T22:21:01","guid":{"rendered":"http:\/\/alfaquarium.mx\/?page_id=2964"},"modified":"2020-08-10T22:59:48","modified_gmt":"2020-08-10T22:59:48","slug":"tubipora-musica","status":"publish","type":"page","link":"https:\/\/proyectos.pgiovas.com\/alfaquarium\/tubipora-musica","title":{"rendered":"Tubipora Musica"},"content":{"rendered":"\t\t<div data-elementor-type=\"wp-page\" data-elementor-id=\"2964\" class=\"elementor elementor-2964\">\n\t\t\t\t\t\t<section class=\"elementor-section elementor-top-section elementor-element elementor-element-38a9fcd elementor-section-boxed elementor-section-height-default elementor-section-height-default\" data-id=\"38a9fcd\" data-element_type=\"section\" data-e-type=\"section\">\n\t\t\t\t\t\t<div class=\"elementor-container elementor-column-gap-default\">\n\t\t\t\t\t<div class=\"elementor-column elementor-col-100 elementor-top-column elementor-element elementor-element-36e49f6\" data-id=\"36e49f6\" data-element_type=\"column\" data-e-type=\"column\">\n\t\t\t<div class=\"elementor-widget-wrap elementor-element-populated\">\n\t\t\t\t\t\t<div class=\"elementor-element elementor-element-0b190c0 elementor-widget elementor-widget-heading\" data-id=\"0b190c0\" data-element_type=\"widget\" data-e-type=\"widget\" data-widget_type=\"heading.default\">\n\t\t\t\t<div class=\"elementor-widget-container\">\n\t\t\t\t\t<h3 class=\"elementor-heading-title elementor-size-default\">Tubipora Musica<\/h3>\t\t\t\t<\/div>\n\t\t\t\t<\/div>\n\t\t\t\t<div class=\"elementor-element elementor-element-477cec4 elementor-widget-divider--separator-type-pattern elementor-widget-divider--view-line elementor-widget elementor-widget-divider\" data-id=\"477cec4\" data-element_type=\"widget\" data-e-type=\"widget\" data-widget_type=\"divider.default\">\n\t\t\t\t<div class=\"elementor-widget-container\">\n\t\t\t\t\t\t\t<div class=\"elementor-divider\" style=\"--divider-pattern-url: url(&quot;data:image\/svg+xml,%3Csvg xmlns=&#039;http:\/\/www.w3.org\/2000\/svg&#039; preserveAspectRatio=&#039;none&#039; overflow=&#039;visible&#039; height=&#039;100%&#039; viewBox=&#039;0 0 24 24&#039; fill=&#039;none&#039; stroke=&#039;black&#039; stroke-width=&#039;7&#039; stroke-linecap=&#039;square&#039; stroke-miterlimit=&#039;10&#039;%3E%3Cpath d=&#039;M0,6c6,0,6,13,12,13S18,6,24,6&#039;\/%3E%3C\/svg%3E&quot;);\">\n\t\t\t<span class=\"elementor-divider-separator\">\n\t\t\t\t\t\t<\/span>\n\t\t<\/div>\n\t\t\t\t\t\t<\/div>\n\t\t\t\t<\/div>\n\t\t\t\t<div class=\"elementor-element elementor-element-e041be1 elementor-widget elementor-widget-spacer\" data-id=\"e041be1\" data-element_type=\"widget\" data-e-type=\"widget\" data-widget_type=\"spacer.default\">\n\t\t\t\t<div class=\"elementor-widget-container\">\n\t\t\t\t\t\t\t<div class=\"elementor-spacer\">\n\t\t\t<div class=\"elementor-spacer-inner\"><\/div>\n\t\t<\/div>\n\t\t\t\t\t\t<\/div>\n\t\t\t\t<\/div>\n\t\t\t\t<div class=\"elementor-element elementor-element-a8f5901 elementor-widget elementor-widget-text-editor\" data-id=\"a8f5901\" data-element_type=\"widget\" data-e-type=\"widget\" data-widget_type=\"text-editor.default\">\n\t\t\t\t<div class=\"elementor-widget-container\">\n\t\t\t\t\t\t\t\t\t<p><img decoding=\"async\" class=\"size-full wp-image-1091 alignleft\" src=\"https:\/\/proyectos.pgiovas.com\/alfaquarium\/wp-content\/uploads\/2020\/07\/image.png\" alt=\"\" width=\"224\" height=\"202\" \/><\/p><p><strong>Nombre cient\u00edfico:<\/strong> Tubipora musica<br \/><strong>Nombre com\u00fan en ingl\u00e9s:<\/strong> Pipe Organ Coral<br \/><strong>Nombre com\u00fan es espa\u00f1ol:<\/strong> Tubipora M\u00fasica<br \/><strong>Tama\u00f1o m\u00e1ximo:<\/strong> Las colonias pueden alcanzar 12 pulgadas (30 cm) o m\u00e1s de altura y el doble en ancho.<br \/><strong>Extensi\u00f3n:<\/strong> Indo Pac\u00edfico<br \/><strong>Tama\u00f1o m\u00ednimo de acuario:<\/strong> Tanques moderados, 50 galones (190 lts) o m\u00e1s.<br \/><strong>Iluminaci\u00f3n:<\/strong> Prefiere iluminaci\u00f3n brillante.<\/p><p><strong>Alimento y Alimentaci\u00f3n:<\/strong> Zooxantela; pero debe ser alimentado con alimentos como nauplios de <em>Artemia<\/em>, rot\u00edferos o alimentos congelados disueltos que se dispersen para formar part\u00edculas finas en el agua. Se beneficia de una buena cama de arena.<\/p><p><strong>Conveniencia y Compatibilidad con el acuario de arrecife:<\/strong> Es un animal de acuario de arrecife delicado que requiere una cama de arena profunda o refugio para producir part\u00edculas bacterianas en el agua.<\/p><p><strong>Cuidado Cautivo:<\/strong> En el pasado se pens\u00f3 que este coral era dif\u00edcil de mantener, pero con el desarrollo de sistemas con una buena fauna en la cama de arena, se ha mantenido con \u00e9xito. Le ir\u00e1 bien con corrientes moderadas a fuertes. Es un coral &#8220;blando&#8221; con un esqueleto duro de color rojo oscuro compuesto por tubos verticales que pasan a trav\u00e9s de placas horizontales de carbonato de calcio. Los p\u00f3lipos blancos, tostados o verdes se encuentran en los extremos de los tubos esquel\u00e9ticos. Si bien los ocho tent\u00e1culos de cada p\u00f3lipo son evidentes, su naturaleza pinnada no es tan clara como en otros corales &#8220;blandos&#8221;.<\/p>\t\t\t\t\t\t\t\t<\/div>\n\t\t\t\t<\/div>\n\t\t\t\t\t<\/div>\n\t\t<\/div>\n\t\t\t\t\t<\/div>\n\t\t<\/section>\n\t\t\t\t<\/div>\n\t\t","protected":false},"excerpt":{"rendered":"<p>Tubipora Musica Nombre cient\u00edfico: Tubipora musicaNombre com\u00fan en ingl\u00e9s: Pipe Organ CoralNombre com\u00fan es espa\u00f1ol: Tubipora M\u00fasicaTama\u00f1o m\u00e1ximo: Las colonias pueden alcanzar 12 pulgadas (30 cm) o m\u00e1s de altura y el doble en ancho.Extensi\u00f3n:&hellip;<\/p>\n","protected":false},"author":4,"featured_media":0,"parent":0,"menu_order":0,"comment_status":"closed","ping_status":"closed","template":"","meta":{"footnotes":""},"class_list":["post-2964","page","type-page","status-publish","hentry"],"_links":{"self":[{"href":"https:\/\/proyectos.pgiovas.com\/alfaquarium\/wp-json\/wp\/v2\/pages\/2964","targetHints":{"allow":["GET"]}}],"collection":[{"href":"https:\/\/proyectos.pgiovas.com\/alfaquarium\/wp-json\/wp\/v2\/pages"}],"about":[{"href":"https:\/\/proyectos.pgiovas.com\/alfaquarium\/wp-json\/wp\/v2\/types\/page"}],"author":[{"embeddable":true,"href":"https:\/\/proyectos.pgiovas.com\/alfaquarium\/wp-json\/wp\/v2\/users\/4"}],"replies":[{"embeddable":true,"href":"https:\/\/proyectos.pgiovas.com\/alfaquarium\/wp-json\/wp\/v2\/comments?post=2964"}],"version-history":[{"count":2,"href":"https:\/\/proyectos.pgiovas.com\/alfaquarium\/wp-json\/wp\/v2\/pages\/2964\/revisions"}],"predecessor-version":[{"id":2969,"href":"https:\/\/proyectos.pgiovas.com\/alfaquarium\/wp-json\/wp\/v2\/pages\/2964\/revisions\/2969"}],"wp:attachment":[{"href":"https:\/\/proyectos.pgiovas.com\/alfaquarium\/wp-json\/wp\/v2\/media?parent=2964"}],"curies":[{"name":"wp","href":"https:\/\/api.w.org\/{rel}","templated":true}]}}