{"id":2956,"date":"2020-08-10T22:08:58","date_gmt":"2020-08-10T22:08:58","guid":{"rendered":"http:\/\/alfaquarium.mx\/?page_id=2956"},"modified":"2020-08-10T22:13:29","modified_gmt":"2020-08-10T22:13:29","slug":"sarcophyton-elegans","status":"publish","type":"page","link":"https:\/\/proyectos.pgiovas.com\/alfaquarium\/sarcophyton-elegans","title":{"rendered":"Sarcophyton Elegans"},"content":{"rendered":"\t\t<div data-elementor-type=\"wp-page\" data-elementor-id=\"2956\" class=\"elementor elementor-2956\">\n\t\t\t\t\t\t<section class=\"elementor-section elementor-top-section elementor-element elementor-element-1e97a7f elementor-section-boxed elementor-section-height-default elementor-section-height-default\" data-id=\"1e97a7f\" data-element_type=\"section\" data-e-type=\"section\">\n\t\t\t\t\t\t<div class=\"elementor-container elementor-column-gap-default\">\n\t\t\t\t\t<div class=\"elementor-column elementor-col-100 elementor-top-column elementor-element elementor-element-12b6a09\" data-id=\"12b6a09\" data-element_type=\"column\" data-e-type=\"column\">\n\t\t\t<div class=\"elementor-widget-wrap elementor-element-populated\">\n\t\t\t\t\t\t<div class=\"elementor-element elementor-element-1cfdfa2 elementor-widget elementor-widget-heading\" data-id=\"1cfdfa2\" data-element_type=\"widget\" data-e-type=\"widget\" data-widget_type=\"heading.default\">\n\t\t\t\t<div class=\"elementor-widget-container\">\n\t\t\t\t\t<h3 class=\"elementor-heading-title elementor-size-default\">Sarcophyton Elegans<\/h3>\t\t\t\t<\/div>\n\t\t\t\t<\/div>\n\t\t\t\t<div class=\"elementor-element elementor-element-f6b4b84 elementor-widget elementor-widget-spacer\" data-id=\"f6b4b84\" data-element_type=\"widget\" data-e-type=\"widget\" data-widget_type=\"spacer.default\">\n\t\t\t\t<div class=\"elementor-widget-container\">\n\t\t\t\t\t\t\t<div class=\"elementor-spacer\">\n\t\t\t<div class=\"elementor-spacer-inner\"><\/div>\n\t\t<\/div>\n\t\t\t\t\t\t<\/div>\n\t\t\t\t<\/div>\n\t\t\t\t<div class=\"elementor-element elementor-element-d2fdf12 elementor-widget-divider--separator-type-pattern elementor-widget-divider--view-line elementor-widget elementor-widget-divider\" data-id=\"d2fdf12\" data-element_type=\"widget\" data-e-type=\"widget\" data-widget_type=\"divider.default\">\n\t\t\t\t<div class=\"elementor-widget-container\">\n\t\t\t\t\t\t\t<div class=\"elementor-divider\" style=\"--divider-pattern-url: url(&quot;data:image\/svg+xml,%3Csvg xmlns=&#039;http:\/\/www.w3.org\/2000\/svg&#039; preserveAspectRatio=&#039;none&#039; overflow=&#039;visible&#039; height=&#039;100%&#039; viewBox=&#039;0 0 24 24&#039; fill=&#039;none&#039; stroke=&#039;black&#039; stroke-width=&#039;7&#039; stroke-linecap=&#039;square&#039; stroke-miterlimit=&#039;10&#039;%3E%3Cpath d=&#039;M0,6c6,0,6,13,12,13S18,6,24,6&#039;\/%3E%3C\/svg%3E&quot;);\">\n\t\t\t<span class=\"elementor-divider-separator\">\n\t\t\t\t\t\t<\/span>\n\t\t<\/div>\n\t\t\t\t\t\t<\/div>\n\t\t\t\t<\/div>\n\t\t\t\t<div class=\"elementor-element elementor-element-46fd8ec elementor-widget elementor-widget-text-editor\" data-id=\"46fd8ec\" data-element_type=\"widget\" data-e-type=\"widget\" data-widget_type=\"text-editor.default\">\n\t\t\t\t<div class=\"elementor-widget-container\">\n\t\t\t\t\t\t\t\t\t<p><img fetchpriority=\"high\" decoding=\"async\" class=\"size-medium wp-image-1146 alignleft\" src=\"https:\/\/proyectos.pgiovas.com\/alfaquarium\/wp-content\/uploads\/2020\/07\/sarcophyton_elegans-300x300.jpg\" alt=\"\" width=\"300\" height=\"300\" srcset=\"https:\/\/proyectos.pgiovas.com\/alfaquarium\/wp-content\/uploads\/2020\/07\/sarcophyton_elegans-300x300.jpg 300w, https:\/\/proyectos.pgiovas.com\/alfaquarium\/wp-content\/uploads\/2020\/07\/sarcophyton_elegans-150x150.jpg 150w, https:\/\/proyectos.pgiovas.com\/alfaquarium\/wp-content\/uploads\/2020\/07\/sarcophyton_elegans-370x370.jpg 370w, https:\/\/proyectos.pgiovas.com\/alfaquarium\/wp-content\/uploads\/2020\/07\/sarcophyton_elegans-90x90.jpg 90w, https:\/\/proyectos.pgiovas.com\/alfaquarium\/wp-content\/uploads\/2020\/07\/sarcophyton_elegans-406x406.jpg 406w, https:\/\/proyectos.pgiovas.com\/alfaquarium\/wp-content\/uploads\/2020\/07\/sarcophyton_elegans-143x143.jpg 143w, https:\/\/proyectos.pgiovas.com\/alfaquarium\/wp-content\/uploads\/2020\/07\/sarcophyton_elegans-400x400.jpg 400w, https:\/\/proyectos.pgiovas.com\/alfaquarium\/wp-content\/uploads\/2020\/07\/sarcophyton_elegans-100x100.jpg 100w, https:\/\/proyectos.pgiovas.com\/alfaquarium\/wp-content\/uploads\/2020\/07\/sarcophyton_elegans.jpg 500w\" sizes=\"(max-width: 300px) 100vw, 300px\" \/><\/p><p><strong>Nombre cient\u00edfico:<\/strong> Sarcophyton elegans<br \/><strong>Nombre com\u00fan en ingl\u00e9s:<\/strong> Fiji yellow leather<br \/><strong>Nombre com\u00fan en espa\u00f1ol:<\/strong> Sarco elegans<br \/><strong>Familia:<\/strong> Alcyoniidae<br \/><strong>Origen:<\/strong> Indo Pac\u00edfico <br \/><strong>Par\u00e1metros ideales:<\/strong><br \/><strong>Salinidad:<\/strong> 1023 a 1025<br \/><strong>Temperatura:<\/strong> 23 a 26\u00ba C<br \/><strong>Calcio:<\/strong> 400 a 450 ppm<br \/><strong>Alcalinidad:<\/strong> 8 a 12 dKH<br \/><strong>Magnesio:<\/strong> 1200 a 1350<br \/><strong>Estroncio:<\/strong> 8 a 10<br \/><strong>PH:<\/strong> 8.10 a 8.40<br \/><br \/><strong>Informaci\u00f3n, cuidados y curiosidades: <\/strong>El Sarcophyton elegans puede tener varias tonalidades de amarillo, desde un amarillo p\u00e1lido hasta un amarillo oscuro o naranja. Al contrario de los dem\u00e1s Sarcophyton, no forma un tallo extendido, sino que crece cerca de las superficies, y formar\u00e1 bellas ondulaciones alrededor de sus bordes con el tiempo. Requiere algunos cuidados para crecer y prosperar en el acuario, como luz moderada a intensa y movimiento medio de agua. Sin embargo, podr\u00e1 estar a gusto en cualquier sitio en que lo coloquemos en el acuario. Aunque muchos han logrado mantener a este coral, muchos no lo han logrado. No soporta muy bien el transporte, por lo que debe monitorearse durante varios dias antes de adquirirlo, observando cuidadosamente las se\u00f1ales de deterioro. Muchos de estos corales llegan luciendo hermosos, pero se blanquean y mueren en las primeras semanas en cautiverio. Adem\u00e1s, este coral no parece responder bien al estr\u00e9s. Esto incluye el transporte, la propagaci\u00f3n y en menor grado, la calidad del agua y la agresi\u00f3n de otros corales. Los S. Elegans lastimados pueden sanar lentamente, pero a veces no lo logran. Parecen ser sensibles al contacto humano y la exposici\u00f3n al aire. Esto puede no matar al animal, pero lo estresa.<\/p><p>Es un coral pac\u00edfico pero debe tenerse cuidado de proporcionarle suficiente espacio entre \u00e9l y los dem\u00e1s corales. Puede ser ubicado pr\u00e1cticamente en cualquier lugar del acuario con movimiento de agua medio. Necesita iluminaci\u00f3n moderada a intensa para mantener su buena salud. Tambi\u00e9n es necesario aditar estroncio, yodo y otros elementos traza.<\/p><p>Las algas zooxantelas simbi\u00f3ticas que posee este coral le proporcionan la mayor\u00eda de los nutrientes que necesita a trav\u00e9s de la fotos\u00edntesis. Sin embargo, se beneficia de la alimentaci\u00f3n adicional, como micro plankton, cyclop eeze o alimentos dise\u00f1ados para organismos filtrantes. <\/p><p>Este coral generalmente no soporta la propagaci\u00f3n forzada, especialmente el corte. Adem\u00e1s, es muy lento para reproducirse asexualmente y muchos nunca lo hacen en cautiverio. Cortarlo resulta en una colonia madre herida y una colonia hija herida, las cuales pueden no sobrevivir el estr\u00e9s. Si el frag sobrevive, puede ser dif\u00edcil lograr que se sujete a alguna superficie. Con el tiempo, sin embargo, un frag sano se sujetar\u00e1 por s\u00ed mismo. Lo mejor para propagar este coral es mediante la constricci\u00f3n. Usar una liga o algo similar para lentamente cortar por presi\u00f3n una parte del coral, durante d\u00edas o semanas.<\/p><p><em><strong>Fuentes del art\u00edculo:<\/strong><\/em><\/p><p><em><strong>Aquarium domain, Reefpedia\u00a0<\/strong><\/em><\/p><p><em><strong>Origen de la imagen:<\/strong><\/em><\/p><p><em><strong>http:\/\/www.advancedaquarist.com<\/strong><\/em><\/p><p><em><strong>Colaboraci\u00f3n de:<\/strong><\/em><\/p><p><em><strong>Jessica Romero Saldivar (AtOmIcFaRt)<\/strong><\/em><\/p>\t\t\t\t\t\t\t\t<\/div>\n\t\t\t\t<\/div>\n\t\t\t\t\t<\/div>\n\t\t<\/div>\n\t\t\t\t\t<\/div>\n\t\t<\/section>\n\t\t\t\t<\/div>\n\t\t","protected":false},"excerpt":{"rendered":"<p>Sarcophyton Elegans Nombre cient\u00edfico: Sarcophyton elegansNombre com\u00fan en ingl\u00e9s: Fiji yellow leatherNombre com\u00fan en espa\u00f1ol: Sarco elegansFamilia: AlcyoniidaeOrigen: Indo Pac\u00edfico Par\u00e1metros ideales:Salinidad: 1023 a 1025Temperatura: 23 a 26\u00ba CCalcio: 400 a 450 ppmAlcalinidad: 8 a&hellip;<\/p>\n","protected":false},"author":4,"featured_media":0,"parent":0,"menu_order":0,"comment_status":"closed","ping_status":"closed","template":"","meta":{"footnotes":""},"class_list":["post-2956","page","type-page","status-publish","hentry"],"_links":{"self":[{"href":"https:\/\/proyectos.pgiovas.com\/alfaquarium\/wp-json\/wp\/v2\/pages\/2956","targetHints":{"allow":["GET"]}}],"collection":[{"href":"https:\/\/proyectos.pgiovas.com\/alfaquarium\/wp-json\/wp\/v2\/pages"}],"about":[{"href":"https:\/\/proyectos.pgiovas.com\/alfaquarium\/wp-json\/wp\/v2\/types\/page"}],"author":[{"embeddable":true,"href":"https:\/\/proyectos.pgiovas.com\/alfaquarium\/wp-json\/wp\/v2\/users\/4"}],"replies":[{"embeddable":true,"href":"https:\/\/proyectos.pgiovas.com\/alfaquarium\/wp-json\/wp\/v2\/comments?post=2956"}],"version-history":[{"count":2,"href":"https:\/\/proyectos.pgiovas.com\/alfaquarium\/wp-json\/wp\/v2\/pages\/2956\/revisions"}],"predecessor-version":[{"id":2958,"href":"https:\/\/proyectos.pgiovas.com\/alfaquarium\/wp-json\/wp\/v2\/pages\/2956\/revisions\/2958"}],"wp:attachment":[{"href":"https:\/\/proyectos.pgiovas.com\/alfaquarium\/wp-json\/wp\/v2\/media?parent=2956"}],"curies":[{"name":"wp","href":"https:\/\/api.w.org\/{rel}","templated":true}]}}