{"id":2095,"date":"2020-08-05T20:31:12","date_gmt":"2020-08-05T20:31:12","guid":{"rendered":"http:\/\/alfaquarium.mx\/?page_id=2095"},"modified":"2020-08-07T19:22:39","modified_gmt":"2020-08-07T19:22:39","slug":"peces-marinos-pargos","status":"publish","type":"page","link":"https:\/\/proyectos.pgiovas.com\/alfaquarium\/peces-marinos-pargos","title":{"rendered":"Peces Marinos &#8211; Pargos"},"content":{"rendered":"\t\t<div data-elementor-type=\"wp-page\" data-elementor-id=\"2095\" class=\"elementor elementor-2095\">\n\t\t\t\t\t\t<section class=\"elementor-section elementor-top-section elementor-element elementor-element-78f9171 elementor-section-full_width elementor-section-height-default elementor-section-height-default\" data-id=\"78f9171\" data-element_type=\"section\" data-e-type=\"section\">\n\t\t\t\t\t\t<div class=\"elementor-container elementor-column-gap-default\">\n\t\t\t\t\t<div class=\"elementor-column elementor-col-100 elementor-top-column elementor-element elementor-element-d20afa8\" data-id=\"d20afa8\" data-element_type=\"column\" data-e-type=\"column\">\n\t\t\t<div class=\"elementor-widget-wrap elementor-element-populated\">\n\t\t\t\t\t\t<div class=\"elementor-element elementor-element-8202765 elementor-widget elementor-widget-heading\" data-id=\"8202765\" data-element_type=\"widget\" data-e-type=\"widget\" data-widget_type=\"heading.default\">\n\t\t\t\t<div class=\"elementor-widget-container\">\n\t\t\t\t\t<h3 class=\"elementor-heading-title elementor-size-default\">Peces Marinos - Pargos<\/h3>\t\t\t\t<\/div>\n\t\t\t\t<\/div>\n\t\t\t\t<div class=\"elementor-element elementor-element-c83fae6 elementor-widget elementor-widget-spacer\" data-id=\"c83fae6\" data-element_type=\"widget\" data-e-type=\"widget\" data-widget_type=\"spacer.default\">\n\t\t\t\t<div class=\"elementor-widget-container\">\n\t\t\t\t\t\t\t<div class=\"elementor-spacer\">\n\t\t\t<div class=\"elementor-spacer-inner\"><\/div>\n\t\t<\/div>\n\t\t\t\t\t\t<\/div>\n\t\t\t\t<\/div>\n\t\t\t\t<div class=\"elementor-element elementor-element-1c31307 elementor-widget-divider--separator-type-pattern elementor-widget-divider--view-line elementor-widget elementor-widget-divider\" data-id=\"1c31307\" data-element_type=\"widget\" data-e-type=\"widget\" data-widget_type=\"divider.default\">\n\t\t\t\t<div class=\"elementor-widget-container\">\n\t\t\t\t\t\t\t<div class=\"elementor-divider\" style=\"--divider-pattern-url: url(&quot;data:image\/svg+xml,%3Csvg xmlns=&#039;http:\/\/www.w3.org\/2000\/svg&#039; preserveAspectRatio=&#039;none&#039; overflow=&#039;visible&#039; height=&#039;100%&#039; viewBox=&#039;0 0 24 24&#039; fill=&#039;none&#039; stroke=&#039;black&#039; stroke-width=&#039;7&#039; stroke-linecap=&#039;square&#039; stroke-miterlimit=&#039;10&#039;%3E%3Cpath d=&#039;M0,6c6,0,6,13,12,13S18,6,24,6&#039;\/%3E%3C\/svg%3E&quot;);\">\n\t\t\t<span class=\"elementor-divider-separator\">\n\t\t\t\t\t\t<\/span>\n\t\t<\/div>\n\t\t\t\t\t\t<\/div>\n\t\t\t\t<\/div>\n\t\t\t\t<div class=\"elementor-element elementor-element-6fa18d9 elementor-widget elementor-widget-text-editor\" data-id=\"6fa18d9\" data-element_type=\"widget\" data-e-type=\"widget\" data-widget_type=\"text-editor.default\">\n\t\t\t\t<div class=\"elementor-widget-container\">\n\t\t\t\t\t\t\t\t\t<p><img decoding=\"async\" class=\"size-full wp-image-2097 alignleft\" src=\"https:\/\/proyectos.pgiovas.com\/alfaquarium\/wp-content\/uploads\/2020\/08\/Lutjanus-sebae.png\" alt=\"\" width=\"230\" height=\"207\" \/><\/p><p><strong>Nombre cient\u00edfico:<\/strong> Lutjanus sebae<br \/><strong>Nombre com\u00fan en ingl\u00e9s:<\/strong> Emperor Snapper<br \/><strong>Nombre com\u00fan es espa\u00f1ol:<\/strong> Pargo Imperial (Snapper Rojiblanco)<br \/><strong>Tama\u00f1o m\u00e1ximo:<\/strong> 31.5 pulgadas (80 cm)<br \/><strong>Extensi\u00f3n:<\/strong> Pac\u00edfico Occidental<br \/><strong>Tama\u00f1o m\u00ednimo de acuario:<\/strong> 200 galones (757 lts)<\/p><p><strong>Alimento y Alimentaci\u00f3n:<\/strong> Alimentos carnosos, incluyendo camarones, escalopas, carne de pescado marino, o camarones mysid, todos frescos o congelados y picados, preparaciones congeladas para carn\u00edvoros. Alimentar hasta saciar una vez al d\u00eda.<\/p><p><strong>\u00cdndice de Adaptaci\u00f3n al Acuario:<\/strong> <strong><em>La mayor\u00eda de individuos de estas especies no se aclimatan al acuario casero, rehus\u00e1ndose a menudo a comer y consumi\u00e9ndose en cautiverio.<\/em><\/strong> El individuo ocasional puede adaptarse si se mantiene en condiciones \u00f3ptimas de agua y se aloja en su propio tanque o con compa\u00f1eros no competitivos. Es mejor dejar a estas especies en estado silvestre o ser ordenados s\u00f3lo por un acuarista experimentado con la aptitud y voluntad de dedicar el tiempo y la energ\u00eda para mantenerlos.<\/p><p><strong>Compatibilidad con el acuario de arrecife:<\/strong> Comer\u00e1 crust\u00e1ceos ornamentales y cualquier pez que pueda tragar entero. Los adultos comer\u00e1n tambi\u00e9n camarones mantis.<\/p><p><strong>Cuidado Cautivo:<\/strong> Esta atrayente especie se aclimatar\u00e1 f\u00e1cilmente al acuario casero y es el miembro m\u00e1s com\u00fanmente disponible de esta familia. Crece grande (superando la mayor\u00eda de las peceras caseras), perdiendo su distintivo patr\u00f3n juvenil por un color rosado\/rojizo total. Provea mucho espacio de nado, as\u00ed como escondites adecuados. Los j\u00f3venes pueden ser intimidados por compa\u00f1eros de tanque m\u00e1s grandes y m\u00e1s agresivos, pero una vez aclimatados se vuelven belicosos. Conserve s\u00f3lo un adulto por tanque (aunque los j\u00f3venes pueden mantenerse juntos) y no se aloje con peces que pueden ser tragados enteros como compa\u00f1eros de tanque.<\/p>\t\t\t\t\t\t\t\t<\/div>\n\t\t\t\t<\/div>\n\t\t\t\t<div class=\"elementor-element elementor-element-9fb10b0 elementor-widget elementor-widget-text-editor\" data-id=\"9fb10b0\" data-element_type=\"widget\" data-e-type=\"widget\" data-widget_type=\"text-editor.default\">\n\t\t\t\t<div class=\"elementor-widget-container\">\n\t\t\t\t\t\t\t\t\t<p><img fetchpriority=\"high\" decoding=\"async\" class=\"size-medium wp-image-2100 alignleft\" src=\"https:\/\/proyectos.pgiovas.com\/alfaquarium\/wp-content\/uploads\/2020\/08\/lutjanus_kasmira-300x270.jpg\" alt=\"\" width=\"300\" height=\"270\" srcset=\"https:\/\/proyectos.pgiovas.com\/alfaquarium\/wp-content\/uploads\/2020\/08\/lutjanus_kasmira-300x270.jpg 300w, https:\/\/proyectos.pgiovas.com\/alfaquarium\/wp-content\/uploads\/2020\/08\/lutjanus_kasmira-370x333.jpg 370w, https:\/\/proyectos.pgiovas.com\/alfaquarium\/wp-content\/uploads\/2020\/08\/lutjanus_kasmira-400x360.jpg 400w, https:\/\/proyectos.pgiovas.com\/alfaquarium\/wp-content\/uploads\/2020\/08\/lutjanus_kasmira.jpg 500w\" sizes=\"(max-width: 300px) 100vw, 300px\" \/><\/p><p><strong>Nombre cient\u00edfico:<\/strong> Lutjanus kasmira<br \/><strong>Nombre com\u00fan en ingl\u00e9s:<\/strong> Blue stripe snapper<br \/><strong>Nombre com\u00fan en espa\u00f1ol:<\/strong> Pargo de l\u00edneas azules<br \/><strong>Familia:<\/strong> Cirrhitidae<br \/><strong>Origen:<\/strong> Indo Pac\u00edfico<br \/><strong>Par\u00e1metros ideales:<\/strong><br \/><strong>Salinidad:<\/strong> 1023 a 1025<br \/><strong>Temperatura:<\/strong> 23 a 26\u00ba C<br \/><strong>Calcio:<\/strong> 400 a 450 ppm<br \/><strong>Alcalinidad:<\/strong> 8 a 12 dKH<br \/><strong>Magnesio:<\/strong> 1200 a 1350<br \/><strong>Estroncio:<\/strong> 8 a 10<br \/><strong>PH:<\/strong> 8.10 a 8.40<\/p><p><strong>Informaci\u00f3n, cuidados y curiosidades: <\/strong>El Lutjanus kasmira es un pez originario del Mar Rojo y el Indo Pac\u00edfico, pero fue importado de las Islas Marquesas y liberado en aguas Hawaiianas en 1958 y de Moorea a las Islas Society en 1961. El prop\u00f3sito fue el de incrementar los recursos pesqueros en Hawaii.<\/p><p>Tiene un cuerpo ligeramente redondeado con una cabeza plateada o rojiza, triangular y puntiaguda que le da al pez forma de gota. La caracter\u00edstica m\u00e1s sobresaliente de este pez son las cuatro bandas horizontales color cielo que corren a lo largo de su amarillo cuerpo.<\/p><p>Este pez es voraz, agresivo y carn\u00edvoro, por lo que debe ser mantenido en un acuario espec\u00edfico por que se devorar\u00e1 los camarones y a los dem\u00e1s peces, que puede tragarse enteros. Su dieta debe estar basada en trozos peque\u00f1os de camar\u00f3n, pescado, calamar, carne de cangrejo, papilla casera o alg\u00fan alimento comercial especial para peces carn\u00edvoros.<\/p><p>Es un pez de cardumen y en la naturaleza forma card\u00famenes de miles de individuos. Por esto no debe mantenerse un pez solo. Para mantener un peque\u00f1o grupo de 5 o 6 peces es necesario un acuario verdaderamente enorme, pues estos peces pueden llegar a medir 40 cm.<\/p><p>Lo mejor es abstenerse de adquirir este pez, pues necesitan much\u00edsimo espacio para poder estar en grupo y nadar. Otra raz\u00f3n para no adquirirlo es que es muy dif\u00edcil que se adapten al cautiverio. Sus colores a menudo se desvanecen, se niegan a alimentarse y son muy vulnerables a las enfermedades.<\/p>\t\t\t\t\t\t\t\t<\/div>\n\t\t\t\t<\/div>\n\t\t\t\t<div class=\"elementor-element elementor-element-473d307 elementor-widget elementor-widget-text-editor\" data-id=\"473d307\" data-element_type=\"widget\" data-e-type=\"widget\" data-widget_type=\"text-editor.default\">\n\t\t\t\t<div class=\"elementor-widget-container\">\n\t\t\t\t\t\t\t\t\t<p><img decoding=\"async\" class=\"size-full wp-image-2106 alignleft\" src=\"https:\/\/proyectos.pgiovas.com\/alfaquarium\/wp-content\/uploads\/2020\/08\/Macolor-niger.png\" alt=\"\" width=\"245\" height=\"220\" \/><\/p><p><strong>Nombre cient\u00edfico:<\/strong> Macolor niger<br \/><strong>Nombre com\u00fan en ingl\u00e9s: <\/strong>Black Snapper<br \/><strong>Nombre com\u00fan es espa\u00f1ol:<\/strong> Pargo Blanco y Negro<br \/><strong>Tama\u00f1o m\u00e1ximo:<\/strong> 26 pulgadas (66 cm)<br \/><strong>Extensi\u00f3n:<\/strong> Indo Pac\u00edfico<br \/><strong>Tama\u00f1o m\u00ednimo de acuario:<\/strong> 200 galones (757 lts)<\/p><p><strong>Alimento y Alimentaci\u00f3n:<\/strong> Alimentos carnosos, incluyendo camarones frescos o congelados y picados, escalopas, carne de pescado marino, camarones mysid, y preparaciones congeladas para carn\u00edvoros. Los j\u00f3venes son a veces quisquillosos y pueden rechazar inicialmente todos los alimentos excepto los vivos. Alimentar 3 veces al d\u00eda.<\/p><p><strong>\u00cdndice de Adaptaci\u00f3n al Acuario:<\/strong> <strong><em>La mayor\u00eda de individuos de estas especies no se aclimatan al acuario casero, rehus\u00e1ndose a menudo a comer y consumi\u00e9ndose en cautiverio.<\/em><\/strong> El individuo ocasional puede adaptarse si se mantiene en condiciones \u00f3ptimas de agua y se aloja en su propio tanque o con compa\u00f1eros no competitivos. Es mejor dejar a estas especies en estado silvestre o ser ordenados s\u00f3lo por un acuarista experimentado con la aptitud y voluntad de dedicar el tiempo y la energ\u00eda para mantenerlos.<\/p><p><strong>Compatibilidad con el acuario de arrecife:<\/strong> Comer\u00e1 gusanos poliquetos, crust\u00e1ceos ornamentales y\u00a0 peces peque\u00f1os. Necesita mucho espacio de nado.<\/p><p><strong>Cuidado Cautivo:<\/strong> Los j\u00f3venes audazmente marcados de esta especie aparecen a veces en el comercio del acuario, pero los acuaristas deben estar conscientes de que los adultos no son tan atractivos como los espec\u00edmenes m\u00e1s peque\u00f1os y requieren acuarios muy grandes. Evite mantenerlos con los competidores de alimentos activos o con especies agresivas que los molesten o puedan pellizcar sus aletas largas. Se puede alojar m\u00e1s de un ejemplar por tanque, aunque por lo general se encuentran solos como j\u00f3venes en el medio silvestre.<\/p>\t\t\t\t\t\t\t\t<\/div>\n\t\t\t\t<\/div>\n\t\t\t\t<div class=\"elementor-element elementor-element-ea8f4ea elementor-widget elementor-widget-text-editor\" data-id=\"ea8f4ea\" data-element_type=\"widget\" data-e-type=\"widget\" data-widget_type=\"text-editor.default\">\n\t\t\t\t<div class=\"elementor-widget-container\">\n\t\t\t\t\t\t\t\t\t<p><img loading=\"lazy\" decoding=\"async\" class=\"size-full wp-image-2110 alignleft\" src=\"https:\/\/proyectos.pgiovas.com\/alfaquarium\/wp-content\/uploads\/2020\/08\/Symphorichthys-spilurus.png\" alt=\"\" width=\"241\" height=\"192\" \/><\/p><p><strong>Nombre cient\u00edfico:<\/strong> Symphorichthys spilurus<br \/><strong>Nombre com\u00fan en ingl\u00e9s: <\/strong>Threadfin Snapper<br \/><strong>Nombre com\u00fan es espa\u00f1ol:<\/strong> Pargo Pirata<br \/><strong>Tama\u00f1o m\u00e1ximo:<\/strong> 23.6 pulgadas (60 cm)<br \/><strong>Extensi\u00f3n:<\/strong> Pac\u00edfico\u00a0 Occidental<br \/><strong>Tama\u00f1o m\u00ednimo de acuario:<\/strong> 200 galones (757 lts)<\/p><p><strong>Alimento y Alimentaci\u00f3n:<\/strong> Alimentos carnosos, incluyendo camarones frescos o congelados y picados, escalopas, carne de pescado marino, camarones mysid, y preparaciones congeladas para carn\u00edvoros. Alimentar 3 veces al d\u00eda.<\/p><p><strong>\u00cdndice de Adaptaci\u00f3n al Acuario:<\/strong> <strong><em>La mayor\u00eda de individuos de estas especies no se aclimatan al acuario casero, rehus\u00e1ndose a menudo a comer y consumi\u00e9ndose en cautiverio.<\/em><\/strong> El individuo ocasional puede adaptarse si se mantiene en condiciones \u00f3ptimas de agua y se aloja en su propio tanque o con compa\u00f1eros no competitivos. Es mejor dejar a estas especies en estado silvestre o ser ordenados s\u00f3lo por un acuarista experimentado con la aptitud y voluntad de dedicar el tiempo y la energ\u00eda para mantenerlos.<\/p><p><strong>Compatibilidad con el acuario de arrecife:<\/strong> Comer\u00e1 crust\u00e1ceos ornamentales y\u00a0 peces peque\u00f1os. Demasiado grande para la mayor\u00eda de los acuarios de arrecife.<\/p><p><strong>Cuidado Cautivo:<\/strong> Este glorioso pez, es un animal de exhibici\u00f3n impresionante en un acuario casero muy grande. Los adultos son a\u00fan m\u00e1s atractivos que los j\u00f3venes, que tienen una banda longitudinal negra que gradualmente se desvanece en un patr\u00f3n general de barras de ne\u00f3n azul sobre un fondo amarillo. Es muy activo y necesitar\u00e1 mucho espacio de nado, as\u00ed como agujeros o cuevas donde puede retirarse r\u00e1pidamente si est\u00e1 amenazado. En los tanques llenos de decoraci\u00f3n, este pez puede da\u00f1arse al correr cuando se asusta. S\u00f3lo uno debe mantenerse por acuario, excepto en sistemas extremadamente grandes. Comer\u00e1 compa\u00f1eros m\u00e1s peque\u00f1os del tanque.<\/p>\t\t\t\t\t\t\t\t<\/div>\n\t\t\t\t<\/div>\n\t\t\t\t<div class=\"elementor-element elementor-element-72ab48a elementor-widget elementor-widget-text-editor\" data-id=\"72ab48a\" data-element_type=\"widget\" data-e-type=\"widget\" data-widget_type=\"text-editor.default\">\n\t\t\t\t<div class=\"elementor-widget-container\">\n\t\t\t\t\t\t\t\t\t<p><img loading=\"lazy\" decoding=\"async\" class=\"size-full wp-image-2120 alignleft\" src=\"https:\/\/proyectos.pgiovas.com\/alfaquarium\/wp-content\/uploads\/2020\/08\/Opsanus-beta.png\" alt=\"\" width=\"246\" height=\"221\" \/><\/p><p><strong>Nombre cient\u00edfico:<\/strong> Opsanus beta<br \/><strong>Nombre com\u00fan en ingl\u00e9s: <\/strong>Gulf Toadfish<br \/><strong>Nombre com\u00fan es espa\u00f1ol:<\/strong> Pez Sapo del Golfo (Pez Piedra)<br \/><strong>Tama\u00f1o m\u00e1ximo:<\/strong> 11.8 pulgadas (30 cm)<br \/><strong>Extensi\u00f3n:<\/strong> Atl\u00e1ntico\u00a0 Occidental<br \/><strong>Tama\u00f1o m\u00ednimo de acuario:<\/strong> 30 galones (114 lts)<\/p><p><strong>Alimento y Alimentaci\u00f3n:<\/strong> Alimentos carnosos, incluyendo carne de crust\u00e1ceos y pescado marino.<\/p><p>Puede ser necesario pescado vivo para iniciar la alimentaci\u00f3n. Alimentar 2-4 veces por semana.<\/p><p><strong>\u00cdndice de Adaptaci\u00f3n al Acuario:<\/strong> <strong><em>Estas especies son muy resistentes con casi todos los individuos aclimat\u00e1ndose f\u00e1cilmente a los confines del acuario.<\/em><\/strong> Son poco exigentes para el promedio de los peces marinos y son m\u00e1s propensos a soportar cierta negligencia y deterioro de las condiciones. Ellos aceptar\u00e1n una amplia gama de alimentos disponibles comercialmente y no requerir\u00e1n alimentos vivos para sobrevivir. Estas especies son excelentes para el aficionado principiante.<\/p><p><strong>Compatibilidad con el acuario de arrecife:<\/strong> Voraz depredador de camarones ornamentales y peque\u00f1os peces. Sus actividades de excavaci\u00f3n pueden derribar rocas vivas y corales.<\/p><p><strong>Cuidado Cautivo:<\/strong> Este es un pez duradero que lo pasa bien en el acuario casero. Es el \u00fanico miembro de su g\u00e9nero regularmente encontrado por el acuarista; la mayor\u00eda de los individuos son recogidos por los criadores de roca viva a lo largo de la costa del Golfo de Florida. A menudo se encuentra en agua contaminada en estado silvestre, puede tolerar condiciones sub\u00f3ptimas en cautiverio. Rara vez sucumbe a la enfermedad, incluso cuando otros peces en el acuario est\u00e1n infectados. Se entierra bajo la decoraci\u00f3n del acuario y \u00a0se oculta la mayor parte del tiempo. Cuando se a\u00f1ade comida, saltar\u00e1 desde su escondite para capturarla, luego regresar\u00e1 r\u00e1pidamente a la seguridad de su refugio.<\/p>\t\t\t\t\t\t\t\t<\/div>\n\t\t\t\t<\/div>\n\t\t\t\t\t<\/div>\n\t\t<\/div>\n\t\t\t\t\t<\/div>\n\t\t<\/section>\n\t\t\t\t<\/div>\n\t\t","protected":false},"excerpt":{"rendered":"<p>Peces Marinos &#8211; Pargos Nombre cient\u00edfico: Lutjanus sebaeNombre com\u00fan en ingl\u00e9s: Emperor SnapperNombre com\u00fan es espa\u00f1ol: Pargo Imperial (Snapper Rojiblanco)Tama\u00f1o m\u00e1ximo: 31.5 pulgadas (80 cm)Extensi\u00f3n: Pac\u00edfico OccidentalTama\u00f1o m\u00ednimo de acuario: 200 galones (757 lts) Alimento&hellip;<\/p>\n","protected":false},"author":4,"featured_media":0,"parent":0,"menu_order":0,"comment_status":"closed","ping_status":"closed","template":"","meta":{"footnotes":""},"class_list":["post-2095","page","type-page","status-publish","hentry"],"_links":{"self":[{"href":"https:\/\/proyectos.pgiovas.com\/alfaquarium\/wp-json\/wp\/v2\/pages\/2095","targetHints":{"allow":["GET"]}}],"collection":[{"href":"https:\/\/proyectos.pgiovas.com\/alfaquarium\/wp-json\/wp\/v2\/pages"}],"about":[{"href":"https:\/\/proyectos.pgiovas.com\/alfaquarium\/wp-json\/wp\/v2\/types\/page"}],"author":[{"embeddable":true,"href":"https:\/\/proyectos.pgiovas.com\/alfaquarium\/wp-json\/wp\/v2\/users\/4"}],"replies":[{"embeddable":true,"href":"https:\/\/proyectos.pgiovas.com\/alfaquarium\/wp-json\/wp\/v2\/comments?post=2095"}],"version-history":[{"count":20,"href":"https:\/\/proyectos.pgiovas.com\/alfaquarium\/wp-json\/wp\/v2\/pages\/2095\/revisions"}],"predecessor-version":[{"id":2695,"href":"https:\/\/proyectos.pgiovas.com\/alfaquarium\/wp-json\/wp\/v2\/pages\/2095\/revisions\/2695"}],"wp:attachment":[{"href":"https:\/\/proyectos.pgiovas.com\/alfaquarium\/wp-json\/wp\/v2\/media?parent=2095"}],"curies":[{"name":"wp","href":"https:\/\/api.w.org\/{rel}","templated":true}]}}