{"id":1098,"date":"2020-07-31T19:22:54","date_gmt":"2020-07-31T19:22:54","guid":{"rendered":"http:\/\/alfaquarium.mx\/?page_id=1098"},"modified":"2020-08-07T00:32:08","modified_gmt":"2020-08-07T00:32:08","slug":"las-almejas","status":"publish","type":"page","link":"https:\/\/proyectos.pgiovas.com\/alfaquarium\/las-almejas","title":{"rendered":"Las Almejas"},"content":{"rendered":"\t\t<div data-elementor-type=\"wp-page\" data-elementor-id=\"1098\" class=\"elementor elementor-1098\">\n\t\t\t\t\t\t<section class=\"elementor-section elementor-top-section elementor-element elementor-element-9980c15 elementor-section-boxed elementor-section-height-default elementor-section-height-default\" data-id=\"9980c15\" data-element_type=\"section\" data-e-type=\"section\">\n\t\t\t\t\t\t<div class=\"elementor-container elementor-column-gap-default\">\n\t\t\t\t\t<div class=\"elementor-column elementor-col-100 elementor-top-column elementor-element elementor-element-74fb5f4\" data-id=\"74fb5f4\" data-element_type=\"column\" data-e-type=\"column\">\n\t\t\t<div class=\"elementor-widget-wrap elementor-element-populated\">\n\t\t\t\t\t\t<div class=\"elementor-element elementor-element-fe514a2 elementor-widget elementor-widget-heading\" data-id=\"fe514a2\" data-element_type=\"widget\" data-e-type=\"widget\" data-widget_type=\"heading.default\">\n\t\t\t\t<div class=\"elementor-widget-container\">\n\t\t\t\t\t<h3 class=\"elementor-heading-title elementor-size-default\">LAS ALMEJAS<\/h3>\t\t\t\t<\/div>\n\t\t\t\t<\/div>\n\t\t\t\t<div class=\"elementor-element elementor-element-63f111a elementor-widget elementor-widget-spacer\" data-id=\"63f111a\" data-element_type=\"widget\" data-e-type=\"widget\" data-widget_type=\"spacer.default\">\n\t\t\t\t<div class=\"elementor-widget-container\">\n\t\t\t\t\t\t\t<div class=\"elementor-spacer\">\n\t\t\t<div class=\"elementor-spacer-inner\"><\/div>\n\t\t<\/div>\n\t\t\t\t\t\t<\/div>\n\t\t\t\t<\/div>\n\t\t\t\t<div class=\"elementor-element elementor-element-90387e3 elementor-widget-divider--separator-type-pattern elementor-widget-divider--view-line elementor-widget elementor-widget-divider\" data-id=\"90387e3\" data-element_type=\"widget\" data-e-type=\"widget\" data-widget_type=\"divider.default\">\n\t\t\t\t<div class=\"elementor-widget-container\">\n\t\t\t\t\t\t\t<div class=\"elementor-divider\" style=\"--divider-pattern-url: url(&quot;data:image\/svg+xml,%3Csvg xmlns=&#039;http:\/\/www.w3.org\/2000\/svg&#039; preserveAspectRatio=&#039;none&#039; overflow=&#039;visible&#039; height=&#039;100%&#039; viewBox=&#039;0 0 24 24&#039; fill=&#039;none&#039; stroke=&#039;black&#039; stroke-width=&#039;7&#039; stroke-linecap=&#039;square&#039; stroke-miterlimit=&#039;10&#039;%3E%3Cpath d=&#039;M0,6c6,0,6,13,12,13S18,6,24,6&#039;\/%3E%3C\/svg%3E&quot;);\">\n\t\t\t<span class=\"elementor-divider-separator\">\n\t\t\t\t\t\t<\/span>\n\t\t<\/div>\n\t\t\t\t\t\t<\/div>\n\t\t\t\t<\/div>\n\t\t\t\t<div class=\"elementor-element elementor-element-46fe7b2 elementor-widget elementor-widget-text-editor\" data-id=\"46fe7b2\" data-element_type=\"widget\" data-e-type=\"widget\" data-widget_type=\"text-editor.default\">\n\t\t\t\t<div class=\"elementor-widget-container\">\n\t\t\t\t\t\t\t\t\t<p><img fetchpriority=\"high\" decoding=\"async\" class=\"wp-image-400 alignleft\" src=\"https:\/\/proyectos.pgiovas.com\/alfaquarium\/wp-content\/uploads\/2020\/06\/image.png\" alt=\"\" width=\"250\" height=\"225\" \/><\/p><p><strong><em>Las almejas gigantes son algunos de los invertebrados m\u00e1s extravagantes en el arrecife de coral.<\/em><\/strong><\/p><p>Las almejas gigantes, o tridacnidos, son animales de arrecife favoritos, y muchos acuaristas son capaces de mantenerlos con \u00e9xito, creciendo espec\u00edmenes impresionantes y presenciando eventos de desove en sus acuarios.<\/p><p>Estas almejas a menudo sorprendentemente pigmentadas tienen una asociaci\u00f3n simbi\u00f3tica con las zooxantelas, que proporcionan gran parte de la energ\u00eda que la almeja necesita para sobrevivir y prosperar. Las zooxantelas se encuentran viviendo en el manto de la almeja, que en las almejas normales mira hacia abajo. A trav\u00e9s de la evoluci\u00f3n, el cuerpo tridacnid ha girado de modo que el manto y la abertura del caparaz\u00f3n se posicionan hacia arriba. Presumiblemente, esto permite la m\u00e1xima irradiaci\u00f3n de las zooxantelas. Contrariamente a la opini\u00f3n popular, no son las zooxantelas las que dan a las almejas sus colores a veces brillantes. El m\u00e9rito es es de las iridoforas, c\u00e9lulas que contienen pigmentos que protegen la almeja contra la radiaci\u00f3n UV.<\/p><p>Las dos conchas del tridacnido est\u00e1n articuladas juntas, y cerca de la bisagra hay una regi\u00f3n donde las conchas no se encuentran. El pie se extender\u00e1 a trav\u00e9s de este orificio, conocido como el agujero de bisel, o apertura de boca, lo que permite que el animal se mueva o se adhiera al sustrato mediante el uso de fibras (hilos de bisel) secretadas por el pie.<\/p><p><img decoding=\"async\" class=\"wp-image-402 alignleft\" src=\"https:\/\/proyectos.pgiovas.com\/alfaquarium\/wp-content\/uploads\/2020\/06\/image-1.png\" alt=\"\" width=\"250\" height=\"225\" \/><\/p><p><strong><em>Excesivamente cosechada en la naturaleza para el comercio de restaurantes asi\u00e1ticos, las almejas gigantes para acuaristas ahora son acuacultivadas de forma sostenible.<\/em><\/strong><\/p><p>Como adultos, estas son todas almejas grandes. De hecho, <strong><em>Tridacna gigas<\/em><\/strong> es la almeja m\u00e1s grande, y puede alcanzar longitudes muy superiores a 4.25 pies (1.3 m). Los Tridacnidos generalmente requieren mucha luz, a menudo un poco m\u00e1s de lo que algunos aficionados est\u00e1n dispuestos o son capaces de proporcionar.<\/p><p>En la naturaleza, algunas especies de <strong><em>Tridacna<\/em>,<\/strong> particularmente <strong><em>T. crocea <\/em><\/strong>y<strong><em> T. squamosa<\/em><\/strong>, se encuentran en las \u00e1reas de arrecifes menos profundas y m\u00e1s brillantes. La iluminaci\u00f3n del acuario debe corresponder a esta intensidad para una buena salud de las almejas. Algunas de las otras especies son capaces de vivir en reg\u00edmenes con poca luz, pero con tridacnidos, cuanto m\u00e1s luz, mejor. La temperatura y la salinidad deben estar dentro de las condiciones normales del acuario de arrecife. Los niveles de calcio deben mantenerse altos, como para los corales duros, en el rango de 400 ppm + para apoyar el crecimiento de conchas. Algunos cuidadores de almejas experimentados recomiendan mantener un pH no superior a 8.3.<\/p><p>Adem\u00e1s, estos son animales que se alimentan por suspensi\u00f3n, y necesitan una gran cantidad de alimentos para sobrevivir, especialmente como j\u00f3venes. En la naturaleza, hasta que la longitud de su caparaz\u00f3n exceda aproximadamente 4 pulgadas (10 cm), la mayor parte de su nutrici\u00f3n proviene de la alimentaci\u00f3n. Cuando la almeja es m\u00e1s peque\u00f1a, el volumen del tejido del manto simplemente no es lo suficientemente grande como para proporcionar espacio suficiente para zooxantelas para mantener la almeja. Incluso despu\u00e9s de ese punto, la alimentaci\u00f3n en forma de fitoplancton o materia org\u00e1nica disuelta, tal como nitrato de amonio es necesario complementar la producci\u00f3n de fotosintatos de alga de la zooxantela.<\/p><p><img decoding=\"async\" class=\"wp-image-413 alignleft\" src=\"https:\/\/proyectos.pgiovas.com\/alfaquarium\/wp-content\/uploads\/2020\/06\/image-4.png\" alt=\"\" width=\"250\" height=\"225\" \/><\/p><p><strong><em>Las almejas gigantes son dif\u00edciles de identificar con certeza solo por sus coloridos mantos. Este puede ser un h\u00edbrido squamosa.<\/em><\/strong><\/p><p>Afortunadamente, con el advenimiento de los alimentos de fitoplancton, la alimentaci\u00f3n de las almejas es relativamente f\u00e1cil, pero debe realizarse de manera regular para que los animales prosperen.<\/p><p>Las almejas sanas responder\u00e1n a los est\u00edmulos cerrando sus caparazones o retirando sus mantos. Las bisagras de almeja se mantienen unidas por un ligamento protein\u00e1ceo que tiende a forzar la apertura de la almeja.<\/p><p>En consecuencia, el cierre es un proceso activo, mientras que la apertura es pasiva. Si una almeja est\u00e1 herida o muriendo, la respuesta de cierre suele ser d\u00e9bil o lenta.<\/p><p>Si una almeja no cierra voluntariamente su caparaz\u00f3n o intenta hacerlo despu\u00e9s de haber sido estimulada, ha muerto y debe ser removida del tanque.<\/p><p>Antes de comprar cualquier almeja, aseg\u00farese de que reaccione cuando una mano pase sobre ella, arrojando una sombra. Si la almeja no se cierra r\u00e1pidamente, d\u00e9jalo donde est\u00e1. Cualquier almeja que parezca estar abierta sin reflejo de cierre probablemente nunca se recupere.<\/p><p><img loading=\"lazy\" decoding=\"async\" class=\"wp-image-414 alignleft\" src=\"https:\/\/proyectos.pgiovas.com\/alfaquarium\/wp-content\/uploads\/2020\/06\/image-5.png\" alt=\"\" width=\"250\" height=\"225\" \/><\/p><p><strong><em>Al comprar una almeja, aseg\u00farese de que est\u00e9 sana y reaccione cerrando su caparaz\u00f3n r\u00e1pidamente cuando su mano arroje una sombra repentina sobre ella.<\/em><\/strong><\/p><p>Estas almejas tambi\u00e9n est\u00e1n sujetas a parasitismo de un par de fuentes. Los par\u00e1sitos m\u00e1s peligrosos son los peque\u00f1os caracoles piramidales del g\u00e9nero <strong><em>Tathrella, Pyrgiscus<\/em><\/strong> y posiblemente algunos otros. Estos son peque\u00f1os caracoles, aproximadamente del tama\u00f1o de un grano de arroz o m\u00e1s peque\u00f1os. Se encuentran alrededor de los bordes del tejido del manto o alrededor de la brecha de bisel. Los piramidelidos perforan agujeros en los tejidos de la almeja y chupan sangre. En la naturaleza, cada almeja probablemente tiene algunos de estos chupasangres y puede tolerarlos. En un acuario, sin embargo, no se dispersan y se acumular\u00e1n en las almejas. Los n\u00fameros se vuelven lo suficientemente grandes como para que puedan abrumar f\u00e1cilmente a una almeja. Para evitar que ocurra, todas las almejas deben lavarse bien con un cepillo de dientes (para eliminar los caracoles y las masas de huevo de caracol adherentes) antes de colocarlas en un acuario. Posteriormente, las almejas se deben inspeccionar regularmente durante un par de meses y se deben quitar los caracoles visibles.<\/p><p>Estos bivalvos grandes tambi\u00e9n pueden contener peque\u00f1os camarones y cangrejos que viven en la cavidad del manto y son ectopar\u00e1sitos o comensales. Aunque estos pueden eliminarse de las almejas, probablemente no da\u00f1en a los animales sanos.<\/p><p><strong><em>Fuentes del art\u00edculo:<\/em><\/strong><br \/><strong><em>Marine Invertebrates; Ronald L. Shimek, Ph.D.<\/em><\/strong><\/p><p><strong><em>Colaboraci\u00f3n de:<\/em><\/strong><br \/><strong><em>Luz Alicia Anduaga<\/em><\/strong><\/p>\t\t\t\t\t\t\t\t<\/div>\n\t\t\t\t<\/div>\n\t\t\t\t\t<\/div>\n\t\t<\/div>\n\t\t\t\t\t<\/div>\n\t\t<\/section>\n\t\t\t\t<\/div>\n\t\t","protected":false},"excerpt":{"rendered":"<p>LAS ALMEJAS Las almejas gigantes son algunos de los invertebrados m\u00e1s extravagantes en el arrecife de coral. Las almejas gigantes, o tridacnidos, son animales de arrecife favoritos, y muchos acuaristas son capaces de mantenerlos con&hellip;<\/p>\n","protected":false},"author":4,"featured_media":0,"parent":0,"menu_order":0,"comment_status":"closed","ping_status":"closed","template":"","meta":{"footnotes":""},"class_list":["post-1098","page","type-page","status-publish","hentry"],"_links":{"self":[{"href":"https:\/\/proyectos.pgiovas.com\/alfaquarium\/wp-json\/wp\/v2\/pages\/1098","targetHints":{"allow":["GET"]}}],"collection":[{"href":"https:\/\/proyectos.pgiovas.com\/alfaquarium\/wp-json\/wp\/v2\/pages"}],"about":[{"href":"https:\/\/proyectos.pgiovas.com\/alfaquarium\/wp-json\/wp\/v2\/types\/page"}],"author":[{"embeddable":true,"href":"https:\/\/proyectos.pgiovas.com\/alfaquarium\/wp-json\/wp\/v2\/users\/4"}],"replies":[{"embeddable":true,"href":"https:\/\/proyectos.pgiovas.com\/alfaquarium\/wp-json\/wp\/v2\/comments?post=1098"}],"version-history":[{"count":11,"href":"https:\/\/proyectos.pgiovas.com\/alfaquarium\/wp-json\/wp\/v2\/pages\/1098\/revisions"}],"predecessor-version":[{"id":2902,"href":"https:\/\/proyectos.pgiovas.com\/alfaquarium\/wp-json\/wp\/v2\/pages\/1098\/revisions\/2902"}],"wp:attachment":[{"href":"https:\/\/proyectos.pgiovas.com\/alfaquarium\/wp-json\/wp\/v2\/media?parent=1098"}],"curies":[{"name":"wp","href":"https:\/\/api.w.org\/{rel}","templated":true}]}}